{"id":7040,"date":"2025-09-15T17:20:51","date_gmt":"2025-09-15T20:20:51","guid":{"rendered":"https:\/\/viradasustentavel.org.br\/sao-paulo\/?post_type=tribe_events&#038;p=7040"},"modified":"2025-09-15T17:42:15","modified_gmt":"2025-09-15T20:42:15","slug":"virada-sustentavel-no-cresan-butanta-trilha-sustentavel","status":"publish","type":"tribe_events","link":"https:\/\/viradasustentavel.org.br\/sao-paulo\/eventos\/virada-sustentavel-no-cresan-butanta-trilha-sustentavel\/","title":{"rendered":"Virada Sustent\u00e1vel no CRESAN Butant\u00e3 | Trilha Sustent\u00e1vel"},"content":{"rendered":"<p>Inscri\u00e7\u00f5es: <a href=\"https:\/\/www.sympla.com.br\/evento\/virada-sustentavel--trilha-sustentavel\/3104266\" target=\"_blank\" rel=\"noopener\">https:\/\/www.sympla.com.br\/evento\/virada-sustentavel&#8211;trilha-sustentavel\/3104266<\/a><\/p>\n<p>Direcionada ao p\u00fablico jovem, a visita no equipamento conta com um circuito de tr\u00eas fases: intera\u00e7\u00e3o com a horta, discuss\u00f5es sobre o caminho dos alimentos e uma oficina culin\u00e1ria, onde os participantes colocam a m\u00e3o na massa. No final da atividade, ser\u00e1 promovida uma a\u00e7\u00e3o de plantio de uma \u00e1rvore para celebrar o dia da \u00e1rvore, em um momento de conscientiza\u00e7\u00e3o a respeito da preserva\u00e7\u00e3o desse bem t\u00e3o valioso.<\/p>\n","protected":false},"excerpt":{"rendered":"<p>Inscri\u00e7\u00f5es: https:\/\/www.sympla.com.br\/evento\/virada-sustentavel&#8211;trilha-sustentavel\/3104266 Direcionada ao p\u00fablico jovem, a visita no equipamento conta com um circuito de tr\u00eas fases: intera\u00e7\u00e3o com a horta, discuss\u00f5es sobre o caminho dos alimentos e uma oficina [&hellip;]<\/p>\n","protected":false},"author":2,"featured_media":7067,"template":"","meta":{"_tribe_events_status":"","_tribe_events_status_reason":"","footnotes":""},"tags":[185,142],"tribe_events_cat":[130],"class_list":["post-7040","tribe_events","type-tribe_events","status-publish","has-post-thumbnail","hentry","tag-jovem-e-adulto","tag-rampa-de-acesso","tribe_events_cat-outros","cat_outros"],"_links":{"self":[{"href":"https:\/\/viradasustentavel.org.br\/sao-paulo\/wp-json\/wp\/v2\/tribe_events\/7040","targetHints":{"allow":["GET"]}}],"collection":[{"href":"https:\/\/viradasustentavel.org.br\/sao-paulo\/wp-json\/wp\/v2\/tribe_events"}],"about":[{"href":"https:\/\/viradasustentavel.org.br\/sao-paulo\/wp-json\/wp\/v2\/types\/tribe_events"}],"author":[{"embeddable":true,"href":"https:\/\/viradasustentavel.org.br\/sao-paulo\/wp-json\/wp\/v2\/users\/2"}],"version-history":[{"count":1,"href":"https:\/\/viradasustentavel.org.br\/sao-paulo\/wp-json\/wp\/v2\/tribe_events\/7040\/revisions"}],"predecessor-version":[{"id":7044,"href":"https:\/\/viradasustentavel.org.br\/sao-paulo\/wp-json\/wp\/v2\/tribe_events\/7040\/revisions\/7044"}],"wp:featuredmedia":[{"embeddable":true,"href":"https:\/\/viradasustentavel.org.br\/sao-paulo\/wp-json\/wp\/v2\/media\/7067"}],"wp:attachment":[{"href":"https:\/\/viradasustentavel.org.br\/sao-paulo\/wp-json\/wp\/v2\/media?parent=7040"}],"wp:term":[{"taxonomy":"post_tag","embeddable":true,"href":"https:\/\/viradasustentavel.org.br\/sao-paulo\/wp-json\/wp\/v2\/tags?post=7040"},{"taxonomy":"tribe_events_cat","embeddable":true,"href":"https:\/\/viradasustentavel.org.br\/sao-paulo\/wp-json\/wp\/v2\/tribe_events_cat?post=7040"}],"curies":[{"name":"wp","href":"https:\/\/api.w.org\/{rel}","templated":true}]}}

Virada Sustentável no CRESAN Butantã | Trilha Sustentável

<p>Inscrições: <a href="https://www.sympla.com.br/evento/virada-sustentavel--trilha-sustentavel/3104266" target="_blank" rel="noopener">https://www.sympla.com.br/evento/virada-sustentavel&#8211;trilha-sustentavel/3104266</a></p>
<p>Direcionada ao público jovem, a visita no equipamento conta com um circuito de três fases: interação com a horta, discussões sobre o caminho dos alimentos e uma oficina culinária, onde os participantes colocam a mão na massa. No final da atividade, será promovida uma ação de plantio de uma árvore para celebrar o dia da árvore, em um momento de conscientização a respeito da preservação desse bem tão valioso.</p>

<p>Inscrições: https://www.sympla.com.br/evento/virada-sustentavel&#8211;trilha-sustentavel/3104266 Direcionada ao público jovem, a visita no equipamento conta com um circuito de três fases: interação com a horta, discussões sobre o caminho dos alimentos e uma oficina [&hellip;]</p>
