{"id":7055,"date":"2025-09-15T17:31:40","date_gmt":"2025-09-15T20:31:40","guid":{"rendered":"https:\/\/viradasustentavel.org.br\/sao-paulo\/?post_type=tribe_events&#038;p=7055"},"modified":"2025-09-15T17:31:40","modified_gmt":"2025-09-15T20:31:40","slug":"dia-sustentavel-no-programa-rede-cozinha-escola","status":"publish","type":"tribe_events","link":"https:\/\/viradasustentavel.org.br\/sao-paulo\/eventos\/dia-sustentavel-no-programa-rede-cozinha-escola\/","title":{"rendered":"Dia + Sustent\u00e1vel no Programa Rede Cozinha Escola"},"content":{"rendered":"<p><span data-sheets-root=\"1\">Endere\u00e7os dispon\u00edveis no link: <a href=\"https:\/\/prefeitura.sp.gov.br\/web\/direitos_humanos\/w\/rede_cozinha_escola\/351251\">https:\/\/prefeitura.sp.gov.br\/web\/direitos_humanos\/w\/rede_cozinha_escola\/351251<\/a><\/span><\/p>\n<p>Card\u00e1pio sustent\u00e1vel com t\u00e9cnicas de aproveitamento integral dos alimentos e prote\u00ednas vegetais, al\u00e9m de a\u00e7\u00f5es educativas sobre alimenta\u00e7\u00e3o e sustentabilidade nas 65 unidades parceiras do Programa Rede Cozinha Escola.<\/p>\n","protected":false},"excerpt":{"rendered":"<p>Endere\u00e7os dispon\u00edveis no link: https:\/\/prefeitura.sp.gov.br\/web\/direitos_humanos\/w\/rede_cozinha_escola\/351251 Card\u00e1pio sustent\u00e1vel com t\u00e9cnicas de aproveitamento integral dos alimentos e prote\u00ednas vegetais, al\u00e9m de a\u00e7\u00f5es educativas sobre alimenta\u00e7\u00e3o e sustentabilidade nas 65 unidades parceiras do [&hellip;]<\/p>\n","protected":false},"author":2,"featured_media":0,"template":"","meta":{"_tribe_events_status":"","_tribe_events_status_reason":"","footnotes":""},"tags":[28],"tribe_events_cat":[130],"class_list":["post-7055","tribe_events","type-tribe_events","status-publish","hentry","tag-livre","tribe_events_cat-outros","cat_outros"],"_links":{"self":[{"href":"https:\/\/viradasustentavel.org.br\/sao-paulo\/wp-json\/wp\/v2\/tribe_events\/7055","targetHints":{"allow":["GET"]}}],"collection":[{"href":"https:\/\/viradasustentavel.org.br\/sao-paulo\/wp-json\/wp\/v2\/tribe_events"}],"about":[{"href":"https:\/\/viradasustentavel.org.br\/sao-paulo\/wp-json\/wp\/v2\/types\/tribe_events"}],"author":[{"embeddable":true,"href":"https:\/\/viradasustentavel.org.br\/sao-paulo\/wp-json\/wp\/v2\/users\/2"}],"version-history":[{"count":1,"href":"https:\/\/viradasustentavel.org.br\/sao-paulo\/wp-json\/wp\/v2\/tribe_events\/7055\/revisions"}],"predecessor-version":[{"id":7057,"href":"https:\/\/viradasustentavel.org.br\/sao-paulo\/wp-json\/wp\/v2\/tribe_events\/7055\/revisions\/7057"}],"wp:attachment":[{"href":"https:\/\/viradasustentavel.org.br\/sao-paulo\/wp-json\/wp\/v2\/media?parent=7055"}],"wp:term":[{"taxonomy":"post_tag","embeddable":true,"href":"https:\/\/viradasustentavel.org.br\/sao-paulo\/wp-json\/wp\/v2\/tags?post=7055"},{"taxonomy":"tribe_events_cat","embeddable":true,"href":"https:\/\/viradasustentavel.org.br\/sao-paulo\/wp-json\/wp\/v2\/tribe_events_cat?post=7055"}],"curies":[{"name":"wp","href":"https:\/\/api.w.org\/{rel}","templated":true}]}}

Dia + Sustentável no Programa Rede Cozinha Escola

<p><span data-sheets-root="1">Endereços disponíveis no link: <a href="https://prefeitura.sp.gov.br/web/direitos_humanos/w/rede_cozinha_escola/351251">https://prefeitura.sp.gov.br/web/direitos_humanos/w/rede_cozinha_escola/351251</a></span></p>
<p>Cardápio sustentável com técnicas de aproveitamento integral dos alimentos e proteínas vegetais, além de ações educativas sobre alimentação e sustentabilidade nas 65 unidades parceiras do Programa Rede Cozinha Escola.</p>

<p>Endereços disponíveis no link: https://prefeitura.sp.gov.br/web/direitos_humanos/w/rede_cozinha_escola/351251 Cardápio sustentável com técnicas de aproveitamento integral dos alimentos e proteínas vegetais, além de ações educativas sobre alimentação e sustentabilidade nas 65 unidades parceiras do [&hellip;]</p>
