{"id":7058,"date":"2025-09-15T17:33:47","date_gmt":"2025-09-15T20:33:47","guid":{"rendered":"https:\/\/viradasustentavel.org.br\/sao-paulo\/?post_type=tribe_events&#038;p=7058"},"modified":"2025-09-15T17:33:47","modified_gmt":"2025-09-15T20:33:47","slug":"virada-sustentavel-no-armazem-solidario","status":"publish","type":"tribe_events","link":"https:\/\/viradasustentavel.org.br\/sao-paulo\/eventos\/virada-sustentavel-no-armazem-solidario\/","title":{"rendered":"Virada Sustent\u00e1vel no Armaz\u00e9m Solid\u00e1rio"},"content":{"rendered":"<p><span data-sheets-root=\"1\">Endere\u00e7os dispon\u00edveis no link: <a href=\"https:\/\/prefeitura.sp.gov.br\/web\/seguranca_alimentar\/w\/362512\">https:\/\/prefeitura.sp.gov.br\/web\/seguranca_alimentar\/w\/362512<\/a><\/span><\/p>\n<p><span data-sheets-root=\"1\"><strong>10h \u00e0s 16h<\/strong> | <strong>Sustentabilidade em Foco:<\/strong> hist\u00f3rias que inspiram transforma\u00e7\u00e3o. Material audiovisual exibido em todas as unidades do Armaz\u00e9m Solid\u00e1rio, apresentando as a\u00e7\u00f5es sustent\u00e1veis desenvolvidas nos espa\u00e7os e seu impacto positivo no munic\u00edpio.<\/p>\n<p><strong>14h \u00e0s 15h<\/strong> | <strong>Cozinha sem desperd\u00edcio:<\/strong> Como aproveitar os alimentos de forma integral? A\u00e7\u00e3o de educa\u00e7\u00e3o alimentar e nutricional baseada em pr\u00e1ticas de combate ao desperd\u00edcio e aproveitamento integral dos alimentos, com breve demonstra\u00e7\u00e3o culin\u00e1ria e degusta\u00e7\u00e3o. Atividade realizada nas unidades do M\u2019Boi Mirim, S\u00e3o Miguel Paulista e Jaragu\u00e1.a<\/span><\/p>\n","protected":false},"excerpt":{"rendered":"<p>Endere\u00e7os dispon\u00edveis no link: https:\/\/prefeitura.sp.gov.br\/web\/seguranca_alimentar\/w\/362512 10h \u00e0s 16h | Sustentabilidade em Foco: hist\u00f3rias que inspiram transforma\u00e7\u00e3o. Material audiovisual exibido em todas as unidades do Armaz\u00e9m Solid\u00e1rio, apresentando as a\u00e7\u00f5es sustent\u00e1veis [&hellip;]<\/p>\n","protected":false},"author":2,"featured_media":0,"template":"","meta":{"_tribe_events_status":"","_tribe_events_status_reason":"","footnotes":""},"tags":[28,142],"tribe_events_cat":[130],"class_list":["post-7058","tribe_events","type-tribe_events","status-publish","hentry","tag-livre","tag-rampa-de-acesso","tribe_events_cat-outros","cat_outros"],"_links":{"self":[{"href":"https:\/\/viradasustentavel.org.br\/sao-paulo\/wp-json\/wp\/v2\/tribe_events\/7058","targetHints":{"allow":["GET"]}}],"collection":[{"href":"https:\/\/viradasustentavel.org.br\/sao-paulo\/wp-json\/wp\/v2\/tribe_events"}],"about":[{"href":"https:\/\/viradasustentavel.org.br\/sao-paulo\/wp-json\/wp\/v2\/types\/tribe_events"}],"author":[{"embeddable":true,"href":"https:\/\/viradasustentavel.org.br\/sao-paulo\/wp-json\/wp\/v2\/users\/2"}],"version-history":[{"count":1,"href":"https:\/\/viradasustentavel.org.br\/sao-paulo\/wp-json\/wp\/v2\/tribe_events\/7058\/revisions"}],"predecessor-version":[{"id":7059,"href":"https:\/\/viradasustentavel.org.br\/sao-paulo\/wp-json\/wp\/v2\/tribe_events\/7058\/revisions\/7059"}],"wp:attachment":[{"href":"https:\/\/viradasustentavel.org.br\/sao-paulo\/wp-json\/wp\/v2\/media?parent=7058"}],"wp:term":[{"taxonomy":"post_tag","embeddable":true,"href":"https:\/\/viradasustentavel.org.br\/sao-paulo\/wp-json\/wp\/v2\/tags?post=7058"},{"taxonomy":"tribe_events_cat","embeddable":true,"href":"https:\/\/viradasustentavel.org.br\/sao-paulo\/wp-json\/wp\/v2\/tribe_events_cat?post=7058"}],"curies":[{"name":"wp","href":"https:\/\/api.w.org\/{rel}","templated":true}]}}

Virada Sustentável no Armazém Solidário

<p><span data-sheets-root="1">Endereços disponíveis no link: <a href="https://prefeitura.sp.gov.br/web/seguranca_alimentar/w/362512">https://prefeitura.sp.gov.br/web/seguranca_alimentar/w/362512</a></span></p>
<p><span data-sheets-root="1"><strong>10h às 16h</strong> | <strong>Sustentabilidade em Foco:</strong> histórias que inspiram transformação. Material audiovisual exibido em todas as unidades do Armazém Solidário, apresentando as ações sustentáveis desenvolvidas nos espaços e seu impacto positivo no município.</p>
<p><strong>14h às 15h</strong> | <strong>Cozinha sem desperdício:</strong> Como aproveitar os alimentos de forma integral? Ação de educação alimentar e nutricional baseada em práticas de combate ao desperdício e aproveitamento integral dos alimentos, com breve demonstração culinária e degustação. Atividade realizada nas unidades do M’Boi Mirim, São Miguel Paulista e Jaraguá.a</span></p>

<p>Endereços disponíveis no link: https://prefeitura.sp.gov.br/web/seguranca_alimentar/w/362512 10h às 16h | Sustentabilidade em Foco: histórias que inspiram transformação. Material audiovisual exibido em todas as unidades do Armazém Solidário, apresentando as ações sustentáveis [&hellip;]</p>
