{"id":725,"date":"2025-09-11T17:01:05","date_gmt":"2025-09-11T20:01:05","guid":{"rendered":"https:\/\/viradasustentavel.org.br\/sao-paulo\/eventos\/volei-adaptado-vida-saudavel-2\/"},"modified":"2025-09-12T09:19:02","modified_gmt":"2025-09-12T12:19:02","slug":"volei-adaptado-vida-saudavel-2","status":"publish","type":"tribe_events","link":"https:\/\/viradasustentavel.org.br\/sao-paulo\/eventos\/volei-adaptado-vida-saudavel-2\/","title":{"rendered":"V\u00f4lei Adaptado &#8211; Vida Saud\u00e1vel"},"content":{"rendered":"<p>Atividade em grupo, promove sa\u00fade e bem-estar, melhora equil\u00edbrio, agilidade e coopera\u00e7\u00e3o.<br \/>\nRoda de conversa com alunos sobre qualidade de vida sa\u00fade e bem-estar.<\/p>\n","protected":false},"excerpt":{"rendered":"<p>Atividade em grupo, promove sa\u00fade e bem-estar, melhora equil\u00edbrio, agilidade e coopera\u00e7\u00e3o. Roda de conversa com alunos sobre qualidade de vida sa\u00fade e bem-estar.<\/p>\n","protected":false},"author":2,"featured_media":0,"template":"","meta":{"_tribe_events_status":"","_tribe_events_status_reason":"","footnotes":""},"tags":[74],"tribe_events_cat":[105],"class_list":["post-725","tribe_events","type-tribe_events","status-publish","hentry","tag-74","tribe_events_cat-ceus","cat_ceus"],"_links":{"self":[{"href":"https:\/\/viradasustentavel.org.br\/sao-paulo\/wp-json\/wp\/v2\/tribe_events\/725","targetHints":{"allow":["GET"]}}],"collection":[{"href":"https:\/\/viradasustentavel.org.br\/sao-paulo\/wp-json\/wp\/v2\/tribe_events"}],"about":[{"href":"https:\/\/viradasustentavel.org.br\/sao-paulo\/wp-json\/wp\/v2\/types\/tribe_events"}],"author":[{"embeddable":true,"href":"https:\/\/viradasustentavel.org.br\/sao-paulo\/wp-json\/wp\/v2\/users\/2"}],"version-history":[{"count":1,"href":"https:\/\/viradasustentavel.org.br\/sao-paulo\/wp-json\/wp\/v2\/tribe_events\/725\/revisions"}],"predecessor-version":[{"id":982,"href":"https:\/\/viradasustentavel.org.br\/sao-paulo\/wp-json\/wp\/v2\/tribe_events\/725\/revisions\/982"}],"wp:attachment":[{"href":"https:\/\/viradasustentavel.org.br\/sao-paulo\/wp-json\/wp\/v2\/media?parent=725"}],"wp:term":[{"taxonomy":"post_tag","embeddable":true,"href":"https:\/\/viradasustentavel.org.br\/sao-paulo\/wp-json\/wp\/v2\/tags?post=725"},{"taxonomy":"tribe_events_cat","embeddable":true,"href":"https:\/\/viradasustentavel.org.br\/sao-paulo\/wp-json\/wp\/v2\/tribe_events_cat?post=725"}],"curies":[{"name":"wp","href":"https:\/\/api.w.org\/{rel}","templated":true}]}}

Vôlei Adaptado &#8211; Vida Saudável

<p>Atividade em grupo, promove saúde e bem-estar, melhora equilíbrio, agilidade e cooperação.<br />
Roda de conversa com alunos sobre qualidade de vida saúde e bem-estar.</p>

<p>Atividade em grupo, promove saúde e bem-estar, melhora equilíbrio, agilidade e cooperação. Roda de conversa com alunos sobre qualidade de vida saúde e bem-estar.</p>
