{"id":726,"date":"2025-09-11T17:01:06","date_gmt":"2025-09-11T20:01:06","guid":{"rendered":"https:\/\/viradasustentavel.org.br\/sao-paulo\/eventos\/natacao-5\/"},"modified":"2025-09-12T09:19:01","modified_gmt":"2025-09-12T12:19:01","slug":"natacao-5","status":"publish","type":"tribe_events","link":"https:\/\/viradasustentavel.org.br\/sao-paulo\/eventos\/natacao-5\/","title":{"rendered":"Nata\u00e7\u00e3o"},"content":{"rendered":"<p> Atividade f\u00edsica que envolve a maioria dos m\u00fasculos e articula\u00e7\u00f5es do corpo, considerada um dos exerc\u00edcios mais completos. Melhora postura e controle respirat\u00f3rio.<br \/>\nBrincadeiras com a tem\u00e1tica sustentabilidade.<\/p>\n","protected":false},"excerpt":{"rendered":"<p>Atividade f\u00edsica que envolve a maioria dos m\u00fasculos e articula\u00e7\u00f5es do corpo, considerada um dos exerc\u00edcios mais completos. Melhora postura e controle respirat\u00f3rio. Brincadeiras com a tem\u00e1tica sustentabilidade.<\/p>\n","protected":false},"author":2,"featured_media":0,"template":"","meta":{"_tribe_events_status":"","_tribe_events_status_reason":"","footnotes":""},"tags":[75],"tribe_events_cat":[105],"class_list":["post-726","tribe_events","type-tribe_events","status-publish","hentry","tag-7-a-13-anos","tribe_events_cat-ceus","cat_ceus"],"_links":{"self":[{"href":"https:\/\/viradasustentavel.org.br\/sao-paulo\/wp-json\/wp\/v2\/tribe_events\/726","targetHints":{"allow":["GET"]}}],"collection":[{"href":"https:\/\/viradasustentavel.org.br\/sao-paulo\/wp-json\/wp\/v2\/tribe_events"}],"about":[{"href":"https:\/\/viradasustentavel.org.br\/sao-paulo\/wp-json\/wp\/v2\/types\/tribe_events"}],"author":[{"embeddable":true,"href":"https:\/\/viradasustentavel.org.br\/sao-paulo\/wp-json\/wp\/v2\/users\/2"}],"version-history":[{"count":1,"href":"https:\/\/viradasustentavel.org.br\/sao-paulo\/wp-json\/wp\/v2\/tribe_events\/726\/revisions"}],"predecessor-version":[{"id":972,"href":"https:\/\/viradasustentavel.org.br\/sao-paulo\/wp-json\/wp\/v2\/tribe_events\/726\/revisions\/972"}],"wp:attachment":[{"href":"https:\/\/viradasustentavel.org.br\/sao-paulo\/wp-json\/wp\/v2\/media?parent=726"}],"wp:term":[{"taxonomy":"post_tag","embeddable":true,"href":"https:\/\/viradasustentavel.org.br\/sao-paulo\/wp-json\/wp\/v2\/tags?post=726"},{"taxonomy":"tribe_events_cat","embeddable":true,"href":"https:\/\/viradasustentavel.org.br\/sao-paulo\/wp-json\/wp\/v2\/tribe_events_cat?post=726"}],"curies":[{"name":"wp","href":"https:\/\/api.w.org\/{rel}","templated":true}]}}

Natação

<p> Atividade física que envolve a maioria dos músculos e articulações do corpo, considerada um dos exercícios mais completos. Melhora postura e controle respiratório.<br />
Brincadeiras com a temática sustentabilidade.</p>

<p>Atividade física que envolve a maioria dos músculos e articulações do corpo, considerada um dos exercícios mais completos. Melhora postura e controle respiratório. Brincadeiras com a temática sustentabilidade.</p>
