{"id":731,"date":"2025-09-11T17:03:26","date_gmt":"2025-09-11T20:03:26","guid":{"rendered":"https:\/\/viradasustentavel.org.br\/sao-paulo\/eventos\/hidroginastica-3\/"},"modified":"2025-09-12T09:18:45","modified_gmt":"2025-09-12T12:18:45","slug":"hidroginastica-3","status":"publish","type":"tribe_events","link":"https:\/\/viradasustentavel.org.br\/sao-paulo\/eventos\/hidroginastica-3\/","title":{"rendered":"Hidrogin\u00e1stica"},"content":{"rendered":"<p>Atividade em grupo, promove sa\u00fade e bem-estar. Melhora condicionamento f\u00edsico.<br \/>\nDin\u00e2micas com a tem\u00e1tica sa\u00fade e bem -estar. <\/p>\n","protected":false},"excerpt":{"rendered":"<p>Atividade em grupo, promove sa\u00fade e bem-estar. Melhora condicionamento f\u00edsico. Din\u00e2micas com a tem\u00e1tica sa\u00fade e bem -estar.<\/p>\n","protected":false},"author":2,"featured_media":0,"template":"","meta":{"_tribe_events_status":"","_tribe_events_status_reason":"","footnotes":""},"tags":[26],"tribe_events_cat":[105],"class_list":["post-731","tribe_events","type-tribe_events","status-publish","hentry","tag-26","tribe_events_cat-ceus","cat_ceus"],"_links":{"self":[{"href":"https:\/\/viradasustentavel.org.br\/sao-paulo\/wp-json\/wp\/v2\/tribe_events\/731","targetHints":{"allow":["GET"]}}],"collection":[{"href":"https:\/\/viradasustentavel.org.br\/sao-paulo\/wp-json\/wp\/v2\/tribe_events"}],"about":[{"href":"https:\/\/viradasustentavel.org.br\/sao-paulo\/wp-json\/wp\/v2\/types\/tribe_events"}],"author":[{"embeddable":true,"href":"https:\/\/viradasustentavel.org.br\/sao-paulo\/wp-json\/wp\/v2\/users\/2"}],"version-history":[{"count":1,"href":"https:\/\/viradasustentavel.org.br\/sao-paulo\/wp-json\/wp\/v2\/tribe_events\/731\/revisions"}],"predecessor-version":[{"id":920,"href":"https:\/\/viradasustentavel.org.br\/sao-paulo\/wp-json\/wp\/v2\/tribe_events\/731\/revisions\/920"}],"wp:attachment":[{"href":"https:\/\/viradasustentavel.org.br\/sao-paulo\/wp-json\/wp\/v2\/media?parent=731"}],"wp:term":[{"taxonomy":"post_tag","embeddable":true,"href":"https:\/\/viradasustentavel.org.br\/sao-paulo\/wp-json\/wp\/v2\/tags?post=731"},{"taxonomy":"tribe_events_cat","embeddable":true,"href":"https:\/\/viradasustentavel.org.br\/sao-paulo\/wp-json\/wp\/v2\/tribe_events_cat?post=731"}],"curies":[{"name":"wp","href":"https:\/\/api.w.org\/{rel}","templated":true}]}}

Hidroginástica

<p>Atividade em grupo, promove saúde e bem-estar. Melhora condicionamento físico.<br />
Dinâmicas com a temática saúde e bem -estar. </p>

<p>Atividade em grupo, promove saúde e bem-estar. Melhora condicionamento físico. Dinâmicas com a temática saúde e bem -estar.</p>
