{"id":769,"date":"2025-09-11T17:16:57","date_gmt":"2025-09-11T20:16:57","guid":{"rendered":"https:\/\/viradasustentavel.org.br\/sao-paulo\/eventos\/caminhada-saudavel-2\/"},"modified":"2025-09-12T09:18:44","modified_gmt":"2025-09-12T12:18:44","slug":"caminhada-saudavel-2","status":"publish","type":"tribe_events","link":"https:\/\/viradasustentavel.org.br\/sao-paulo\/eventos\/caminhada-saudavel-2\/","title":{"rendered":"Caminhada saud\u00e1vel"},"content":{"rendered":"<p>Ado\u00e7\u00e3o de h\u00e1bitos saud\u00e1veis e a import\u00e2ncia do movimento<\/p>\n","protected":false},"excerpt":{"rendered":"<p>Ado\u00e7\u00e3o de h\u00e1bitos saud\u00e1veis e a import\u00e2ncia do movimento<\/p>\n","protected":false},"author":2,"featured_media":0,"template":"","meta":{"_tribe_events_status":"","_tribe_events_status_reason":"","footnotes":""},"tags":[28],"tribe_events_cat":[105],"class_list":["post-769","tribe_events","type-tribe_events","status-publish","hentry","tag-livre","tribe_events_cat-ceus","cat_ceus"],"_links":{"self":[{"href":"https:\/\/viradasustentavel.org.br\/sao-paulo\/wp-json\/wp\/v2\/tribe_events\/769","targetHints":{"allow":["GET"]}}],"collection":[{"href":"https:\/\/viradasustentavel.org.br\/sao-paulo\/wp-json\/wp\/v2\/tribe_events"}],"about":[{"href":"https:\/\/viradasustentavel.org.br\/sao-paulo\/wp-json\/wp\/v2\/types\/tribe_events"}],"author":[{"embeddable":true,"href":"https:\/\/viradasustentavel.org.br\/sao-paulo\/wp-json\/wp\/v2\/users\/2"}],"version-history":[{"count":1,"href":"https:\/\/viradasustentavel.org.br\/sao-paulo\/wp-json\/wp\/v2\/tribe_events\/769\/revisions"}],"predecessor-version":[{"id":895,"href":"https:\/\/viradasustentavel.org.br\/sao-paulo\/wp-json\/wp\/v2\/tribe_events\/769\/revisions\/895"}],"wp:attachment":[{"href":"https:\/\/viradasustentavel.org.br\/sao-paulo\/wp-json\/wp\/v2\/media?parent=769"}],"wp:term":[{"taxonomy":"post_tag","embeddable":true,"href":"https:\/\/viradasustentavel.org.br\/sao-paulo\/wp-json\/wp\/v2\/tags?post=769"},{"taxonomy":"tribe_events_cat","embeddable":true,"href":"https:\/\/viradasustentavel.org.br\/sao-paulo\/wp-json\/wp\/v2\/tribe_events_cat?post=769"}],"curies":[{"name":"wp","href":"https:\/\/api.w.org\/{rel}","templated":true}]}}

Caminhada saudável

<p>Adoção de hábitos saudáveis e a importância do movimento</p>
