{"id":771,"date":"2025-09-11T17:18:58","date_gmt":"2025-09-11T20:18:58","guid":{"rendered":"https:\/\/viradasustentavel.org.br\/sao-paulo\/eventos\/hidro-recreacao-2\/"},"modified":"2025-09-12T09:18:44","modified_gmt":"2025-09-12T12:18:44","slug":"hidro-recreacao-2","status":"publish","type":"tribe_events","link":"https:\/\/viradasustentavel.org.br\/sao-paulo\/eventos\/hidro-recreacao-2\/","title":{"rendered":"Hidro Recrea\u00e7\u00e3o"},"content":{"rendered":"<p>Ado\u00e7\u00e3o de h\u00e1bitos saud\u00e1veis e a sociabiliza\u00e7ao<\/p>\n","protected":false},"excerpt":{"rendered":"<p>Ado\u00e7\u00e3o de h\u00e1bitos saud\u00e1veis e a sociabiliza\u00e7ao<\/p>\n","protected":false},"author":2,"featured_media":0,"template":"","meta":{"_tribe_events_status":"","_tribe_events_status_reason":"","footnotes":""},"tags":[26],"tribe_events_cat":[105],"class_list":["post-771","tribe_events","type-tribe_events","status-publish","hentry","tag-26","tribe_events_cat-ceus","cat_ceus"],"_links":{"self":[{"href":"https:\/\/viradasustentavel.org.br\/sao-paulo\/wp-json\/wp\/v2\/tribe_events\/771","targetHints":{"allow":["GET"]}}],"collection":[{"href":"https:\/\/viradasustentavel.org.br\/sao-paulo\/wp-json\/wp\/v2\/tribe_events"}],"about":[{"href":"https:\/\/viradasustentavel.org.br\/sao-paulo\/wp-json\/wp\/v2\/types\/tribe_events"}],"author":[{"embeddable":true,"href":"https:\/\/viradasustentavel.org.br\/sao-paulo\/wp-json\/wp\/v2\/users\/2"}],"version-history":[{"count":1,"href":"https:\/\/viradasustentavel.org.br\/sao-paulo\/wp-json\/wp\/v2\/tribe_events\/771\/revisions"}],"predecessor-version":[{"id":899,"href":"https:\/\/viradasustentavel.org.br\/sao-paulo\/wp-json\/wp\/v2\/tribe_events\/771\/revisions\/899"}],"wp:attachment":[{"href":"https:\/\/viradasustentavel.org.br\/sao-paulo\/wp-json\/wp\/v2\/media?parent=771"}],"wp:term":[{"taxonomy":"post_tag","embeddable":true,"href":"https:\/\/viradasustentavel.org.br\/sao-paulo\/wp-json\/wp\/v2\/tags?post=771"},{"taxonomy":"tribe_events_cat","embeddable":true,"href":"https:\/\/viradasustentavel.org.br\/sao-paulo\/wp-json\/wp\/v2\/tribe_events_cat?post=771"}],"curies":[{"name":"wp","href":"https:\/\/api.w.org\/{rel}","templated":true}]}}

Hidro Recreação

<p>Adoção de hábitos saudáveis e a sociabilizaçao</p>
