{"id":775,"date":"2025-09-11T17:18:58","date_gmt":"2025-09-11T20:18:58","guid":{"rendered":"https:\/\/viradasustentavel.org.br\/sao-paulo\/eventos\/vivencia-na-mini-floresta\/"},"modified":"2025-09-12T09:18:45","modified_gmt":"2025-09-12T12:18:45","slug":"vivencia-na-mini-floresta","status":"publish","type":"tribe_events","link":"https:\/\/viradasustentavel.org.br\/sao-paulo\/eventos\/vivencia-na-mini-floresta\/","title":{"rendered":"Viv\u00eancia na Mini Floresta"},"content":{"rendered":"<p>As crian\u00e7as viver\u00e3o uma experi\u00eancia na Mini Floresta, conhecendo plantas nativas da Mata Atl\u00e2ntica e explorando a horta de alimentos.<\/p>\n","protected":false},"excerpt":{"rendered":"<p>As crian\u00e7as viver\u00e3o uma experi\u00eancia na Mini Floresta, conhecendo plantas nativas da Mata Atl\u00e2ntica e explorando a horta de alimentos.<\/p>\n","protected":false},"author":2,"featured_media":0,"template":"","meta":{"_tribe_events_status":"","_tribe_events_status_reason":"","footnotes":""},"tags":[84],"tribe_events_cat":[105],"class_list":["post-775","tribe_events","type-tribe_events","status-publish","hentry","tag-4-a-6","tribe_events_cat-ceus","cat_ceus"],"_links":{"self":[{"href":"https:\/\/viradasustentavel.org.br\/sao-paulo\/wp-json\/wp\/v2\/tribe_events\/775","targetHints":{"allow":["GET"]}}],"collection":[{"href":"https:\/\/viradasustentavel.org.br\/sao-paulo\/wp-json\/wp\/v2\/tribe_events"}],"about":[{"href":"https:\/\/viradasustentavel.org.br\/sao-paulo\/wp-json\/wp\/v2\/types\/tribe_events"}],"author":[{"embeddable":true,"href":"https:\/\/viradasustentavel.org.br\/sao-paulo\/wp-json\/wp\/v2\/users\/2"}],"version-history":[{"count":1,"href":"https:\/\/viradasustentavel.org.br\/sao-paulo\/wp-json\/wp\/v2\/tribe_events\/775\/revisions"}],"predecessor-version":[{"id":923,"href":"https:\/\/viradasustentavel.org.br\/sao-paulo\/wp-json\/wp\/v2\/tribe_events\/775\/revisions\/923"}],"wp:attachment":[{"href":"https:\/\/viradasustentavel.org.br\/sao-paulo\/wp-json\/wp\/v2\/media?parent=775"}],"wp:term":[{"taxonomy":"post_tag","embeddable":true,"href":"https:\/\/viradasustentavel.org.br\/sao-paulo\/wp-json\/wp\/v2\/tags?post=775"},{"taxonomy":"tribe_events_cat","embeddable":true,"href":"https:\/\/viradasustentavel.org.br\/sao-paulo\/wp-json\/wp\/v2\/tribe_events_cat?post=775"}],"curies":[{"name":"wp","href":"https:\/\/api.w.org\/{rel}","templated":true}]}}

Vivência na Mini Floresta

<p>As crianças viverão uma experiência na Mini Floresta, conhecendo plantas nativas da Mata Atlântica e explorando a horta de alimentos.</p>
