{"id":7826,"date":"2025-09-16T16:55:27","date_gmt":"2025-09-16T19:55:27","guid":{"rendered":"https:\/\/viradasustentavel.org.br\/sao-paulo\/?post_type=tribe_events&#038;p=7826"},"modified":"2025-09-16T16:55:27","modified_gmt":"2025-09-16T19:55:27","slug":"respirar-agora-como-as-cidades-podem-liderar-solucoes-em-saude-climatica","status":"publish","type":"tribe_events","link":"https:\/\/viradasustentavel.org.br\/sao-paulo\/eventos\/respirar-agora-como-as-cidades-podem-liderar-solucoes-em-saude-climatica\/","title":{"rendered":"Respirar Agora: Como as Cidades Podem Liderar Solu\u00e7\u00f5es em Sa\u00fade Clim\u00e1tica"},"content":{"rendered":"<p><strong>SINOPSE:<\/strong> Di\u00e1logo urgente sobre a sindemia entre polui\u00e7\u00e3o atmosf\u00e9rica, mudan\u00e7as clim\u00e1ticas e sa\u00fade p\u00fablica, apresentando evid\u00eancias cient\u00edficas e pol\u00edticas p\u00fablicas vi\u00e1veis para criar ambientes urbanos mais saud\u00e1veis.<\/p>\n<p><strong>VIS\u00c3O GERAL:<\/strong> O painel conecta ci\u00eancia m\u00e9dica e pol\u00edtica ambiental para discutir como a qualidade do ar e as mudan\u00e7as clim\u00e1ticas impactam diretamente a sa\u00fade populacional, propondo solu\u00e7\u00f5es integradas e economicamente vi\u00e1veis para munic\u00edpios brasileiros.<\/p>\n<p><strong>PARTICIPANTES:<\/strong><\/p>\n<ul>\n<li>Dr. Gilberto Natalini<\/li>\n<li>Paulo Saldiva<\/li>\n<\/ul>\n<p>&nbsp;<\/p>\n<p><strong>LOCAL:<\/strong> Centro Cultural S\u00e3o Paulo &#8211; Sala Adoniran Barbosa &#8211; Rua Vergueiro, 1000<\/p>\n<p>&nbsp;<\/p>\n","protected":false},"excerpt":{"rendered":"<p>SINOPSE: Di\u00e1logo urgente sobre a sindemia entre polui\u00e7\u00e3o atmosf\u00e9rica, mudan\u00e7as clim\u00e1ticas e sa\u00fade p\u00fablica, apresentando evid\u00eancias cient\u00edficas e pol\u00edticas p\u00fablicas vi\u00e1veis para criar ambientes urbanos mais saud\u00e1veis. VIS\u00c3O GERAL: O [&hellip;]<\/p>\n","protected":false},"author":2,"featured_media":0,"template":"","meta":{"_tribe_events_status":"","_tribe_events_status_reason":"","footnotes":""},"tags":[],"tribe_events_cat":[186,134],"class_list":["post-7826","tribe_events","type-tribe_events","status-publish","hentry","tribe_events_cat-forum","tribe_events_cat-seminario","cat_forum","cat_seminario"],"_links":{"self":[{"href":"https:\/\/viradasustentavel.org.br\/sao-paulo\/wp-json\/wp\/v2\/tribe_events\/7826","targetHints":{"allow":["GET"]}}],"collection":[{"href":"https:\/\/viradasustentavel.org.br\/sao-paulo\/wp-json\/wp\/v2\/tribe_events"}],"about":[{"href":"https:\/\/viradasustentavel.org.br\/sao-paulo\/wp-json\/wp\/v2\/types\/tribe_events"}],"author":[{"embeddable":true,"href":"https:\/\/viradasustentavel.org.br\/sao-paulo\/wp-json\/wp\/v2\/users\/2"}],"version-history":[{"count":1,"href":"https:\/\/viradasustentavel.org.br\/sao-paulo\/wp-json\/wp\/v2\/tribe_events\/7826\/revisions"}],"predecessor-version":[{"id":7829,"href":"https:\/\/viradasustentavel.org.br\/sao-paulo\/wp-json\/wp\/v2\/tribe_events\/7826\/revisions\/7829"}],"wp:attachment":[{"href":"https:\/\/viradasustentavel.org.br\/sao-paulo\/wp-json\/wp\/v2\/media?parent=7826"}],"wp:term":[{"taxonomy":"post_tag","embeddable":true,"href":"https:\/\/viradasustentavel.org.br\/sao-paulo\/wp-json\/wp\/v2\/tags?post=7826"},{"taxonomy":"tribe_events_cat","embeddable":true,"href":"https:\/\/viradasustentavel.org.br\/sao-paulo\/wp-json\/wp\/v2\/tribe_events_cat?post=7826"}],"curies":[{"name":"wp","href":"https:\/\/api.w.org\/{rel}","templated":true}]}}

Respirar Agora: Como as Cidades Podem Liderar Soluções em Saúde Climática

<p><strong>SINOPSE:</strong> Diálogo urgente sobre a sindemia entre poluição atmosférica, mudanças climáticas e saúde pública, apresentando evidências científicas e políticas públicas viáveis para criar ambientes urbanos mais saudáveis.</p>
<p><strong>VISÃO GERAL:</strong> O painel conecta ciência médica e política ambiental para discutir como a qualidade do ar e as mudanças climáticas impactam diretamente a saúde populacional, propondo soluções integradas e economicamente viáveis para municípios brasileiros.</p>
<p><strong>PARTICIPANTES:</strong></p>
<ul>
<li>Dr. Gilberto Natalini</li>
<li>Paulo Saldiva</li>
</ul>
<p>&nbsp;</p>
<p><strong>LOCAL:</strong> Centro Cultural São Paulo &#8211; Sala Adoniran Barbosa &#8211; Rua Vergueiro, 1000</p>
<p>&nbsp;</p>

<p>SINOPSE: Diálogo urgente sobre a sindemia entre poluição atmosférica, mudanças climáticas e saúde pública, apresentando evidências científicas e políticas públicas viáveis para criar ambientes urbanos mais saudáveis. VISÃO GERAL: O [&hellip;]</p>
