{"id":7842,"date":"2025-09-16T17:36:02","date_gmt":"2025-09-16T20:36:02","guid":{"rendered":"https:\/\/viradasustentavel.org.br\/sao-paulo\/?post_type=tribe_events&#038;p=7842"},"modified":"2025-09-16T17:36:02","modified_gmt":"2025-09-16T20:36:02","slug":"dados-que-viram-rua-informacao-publica-para-adaptacao-urbana","status":"publish","type":"tribe_events","link":"https:\/\/viradasustentavel.org.br\/sao-paulo\/eventos\/dados-que-viram-rua-informacao-publica-para-adaptacao-urbana\/","title":{"rendered":"Dados que Viram Rua: Informa\u00e7\u00e3o P\u00fablica para Adapta\u00e7\u00e3o Urbana"},"content":{"rendered":"<p><strong>SINOPSE:<\/strong> Reflex\u00e3o sobre como dados abertos, pesquisa acad\u00eamica e tecnologia podem democratizar o acesso \u00e0 informa\u00e7\u00e3o clim\u00e1tica e fortalecer a capacidade adaptativa das cidades e comunidades.<\/p>\n<p><strong>VIS\u00c3O GERAL:<\/strong> O painel explora a ponte entre produ\u00e7\u00e3o de conhecimento e aplica\u00e7\u00e3o pr\u00e1tica nas ruas, discutindo como tornar dados clim\u00e1ticos acess\u00edveis e \u00fateis para gestores, comunidades e cidad\u00e3os na constru\u00e7\u00e3o de cidades mais adaptadas.<\/p>\n<p><strong>PARTICIPANTES:<\/strong><\/p>\n<ul>\n<li>Ana Wernke<\/li>\n<li>Carlos Leite<\/li>\n<li>Tatiana Tucunduva<\/li>\n<\/ul>\n<p><strong>LOCAL:<\/strong> Centro Cultural S\u00e3o Paulo &#8211; Sala Adoniran Barbosa &#8211; Rua Vergueiro, 1000<\/p>\n","protected":false},"excerpt":{"rendered":"<p>SINOPSE: Reflex\u00e3o sobre como dados abertos, pesquisa acad\u00eamica e tecnologia podem democratizar o acesso \u00e0 informa\u00e7\u00e3o clim\u00e1tica e fortalecer a capacidade adaptativa das cidades e comunidades. VIS\u00c3O GERAL: O painel [&hellip;]<\/p>\n","protected":false},"author":2,"featured_media":0,"template":"","meta":{"_tribe_events_status":"","_tribe_events_status_reason":"","footnotes":""},"tags":[],"tribe_events_cat":[186,134],"class_list":["post-7842","tribe_events","type-tribe_events","status-publish","hentry","tribe_events_cat-forum","tribe_events_cat-seminario","cat_forum","cat_seminario"],"_links":{"self":[{"href":"https:\/\/viradasustentavel.org.br\/sao-paulo\/wp-json\/wp\/v2\/tribe_events\/7842","targetHints":{"allow":["GET"]}}],"collection":[{"href":"https:\/\/viradasustentavel.org.br\/sao-paulo\/wp-json\/wp\/v2\/tribe_events"}],"about":[{"href":"https:\/\/viradasustentavel.org.br\/sao-paulo\/wp-json\/wp\/v2\/types\/tribe_events"}],"author":[{"embeddable":true,"href":"https:\/\/viradasustentavel.org.br\/sao-paulo\/wp-json\/wp\/v2\/users\/2"}],"version-history":[{"count":1,"href":"https:\/\/viradasustentavel.org.br\/sao-paulo\/wp-json\/wp\/v2\/tribe_events\/7842\/revisions"}],"predecessor-version":[{"id":7850,"href":"https:\/\/viradasustentavel.org.br\/sao-paulo\/wp-json\/wp\/v2\/tribe_events\/7842\/revisions\/7850"}],"wp:attachment":[{"href":"https:\/\/viradasustentavel.org.br\/sao-paulo\/wp-json\/wp\/v2\/media?parent=7842"}],"wp:term":[{"taxonomy":"post_tag","embeddable":true,"href":"https:\/\/viradasustentavel.org.br\/sao-paulo\/wp-json\/wp\/v2\/tags?post=7842"},{"taxonomy":"tribe_events_cat","embeddable":true,"href":"https:\/\/viradasustentavel.org.br\/sao-paulo\/wp-json\/wp\/v2\/tribe_events_cat?post=7842"}],"curies":[{"name":"wp","href":"https:\/\/api.w.org\/{rel}","templated":true}]}}

Dados que Viram Rua: Informação Pública para Adaptação Urbana

<p><strong>SINOPSE:</strong> Reflexão sobre como dados abertos, pesquisa acadêmica e tecnologia podem democratizar o acesso à informação climática e fortalecer a capacidade adaptativa das cidades e comunidades.</p>
<p><strong>VISÃO GERAL:</strong> O painel explora a ponte entre produção de conhecimento e aplicação prática nas ruas, discutindo como tornar dados climáticos acessíveis e úteis para gestores, comunidades e cidadãos na construção de cidades mais adaptadas.</p>
<p><strong>PARTICIPANTES:</strong></p>
<ul>
<li>Ana Wernke</li>
<li>Carlos Leite</li>
<li>Tatiana Tucunduva</li>
</ul>
<p><strong>LOCAL:</strong> Centro Cultural São Paulo &#8211; Sala Adoniran Barbosa &#8211; Rua Vergueiro, 1000</p>

<p>SINOPSE: Reflexão sobre como dados abertos, pesquisa acadêmica e tecnologia podem democratizar o acesso à informação climática e fortalecer a capacidade adaptativa das cidades e comunidades. VISÃO GERAL: O painel [&hellip;]</p>
