{"id":7910,"date":"2025-09-17T03:39:11","date_gmt":"2025-09-17T06:39:11","guid":{"rendered":"https:\/\/viradasustentavel.org.br\/sao-paulo\/?post_type=tribe_events&#038;p=7910"},"modified":"2025-09-17T03:39:11","modified_gmt":"2025-09-17T06:39:11","slug":"infraestrutura-verde-equipamentos-sustentaveis-transformando-territorios","status":"publish","type":"tribe_events","link":"https:\/\/viradasustentavel.org.br\/sao-paulo\/eventos\/infraestrutura-verde-equipamentos-sustentaveis-transformando-territorios\/","title":{"rendered":"Infraestrutura Verde: Equipamentos Sustent\u00e1veis Transformando Territ\u00f3rios"},"content":{"rendered":"<p><strong>SINOPSE:<\/strong> Discuss\u00e3o sobre como equipamentos e tecnologias sustent\u00e1veis podem revolucionar obras p\u00fablicas e privadas, criando infraestruturas que regeneram ao inv\u00e9s de degradar os territ\u00f3rios urbanos.<\/p>\n<p><strong>VIS\u00c3O GERAL:<\/strong> O painel apresenta solu\u00e7\u00f5es concretas em equipamentos e pr\u00e1ticas construtivas sustent\u00e1veis, mostrando como a infraestrutura urbana pode ser repensada para gerar impacto positivo social e ambiental.<\/p>\n<p><strong>PARTICIPANTES:<\/strong><\/p>\n<ul>\n<li>Lucas Lavecchia de Gouv\u00eaa<\/li>\n<li>Tatiana Robles Seferjan<\/li>\n<li>Lincoln C\u00e9sar<\/li>\n<\/ul>\n<p>&nbsp;<\/p>\n<p><strong>LOCAL:<\/strong> Centro Cultural S\u00e3o Paulo &#8211; Sala Adoniran Barbosa &#8211; Rua Vergueiro, 1000<\/p>\n","protected":false},"excerpt":{"rendered":"<p>SINOPSE: Discuss\u00e3o sobre como equipamentos e tecnologias sustent\u00e1veis podem revolucionar obras p\u00fablicas e privadas, criando infraestruturas que regeneram ao inv\u00e9s de degradar os territ\u00f3rios urbanos. VIS\u00c3O GERAL: O painel apresenta [&hellip;]<\/p>\n","protected":false},"author":2,"featured_media":0,"template":"","meta":{"_tribe_events_status":"","_tribe_events_status_reason":"","footnotes":""},"tags":[],"tribe_events_cat":[186,134],"class_list":["post-7910","tribe_events","type-tribe_events","status-publish","hentry","tribe_events_cat-forum","tribe_events_cat-seminario","cat_forum","cat_seminario"],"_links":{"self":[{"href":"https:\/\/viradasustentavel.org.br\/sao-paulo\/wp-json\/wp\/v2\/tribe_events\/7910","targetHints":{"allow":["GET"]}}],"collection":[{"href":"https:\/\/viradasustentavel.org.br\/sao-paulo\/wp-json\/wp\/v2\/tribe_events"}],"about":[{"href":"https:\/\/viradasustentavel.org.br\/sao-paulo\/wp-json\/wp\/v2\/types\/tribe_events"}],"author":[{"embeddable":true,"href":"https:\/\/viradasustentavel.org.br\/sao-paulo\/wp-json\/wp\/v2\/users\/2"}],"version-history":[{"count":1,"href":"https:\/\/viradasustentavel.org.br\/sao-paulo\/wp-json\/wp\/v2\/tribe_events\/7910\/revisions"}],"predecessor-version":[{"id":7912,"href":"https:\/\/viradasustentavel.org.br\/sao-paulo\/wp-json\/wp\/v2\/tribe_events\/7910\/revisions\/7912"}],"wp:attachment":[{"href":"https:\/\/viradasustentavel.org.br\/sao-paulo\/wp-json\/wp\/v2\/media?parent=7910"}],"wp:term":[{"taxonomy":"post_tag","embeddable":true,"href":"https:\/\/viradasustentavel.org.br\/sao-paulo\/wp-json\/wp\/v2\/tags?post=7910"},{"taxonomy":"tribe_events_cat","embeddable":true,"href":"https:\/\/viradasustentavel.org.br\/sao-paulo\/wp-json\/wp\/v2\/tribe_events_cat?post=7910"}],"curies":[{"name":"wp","href":"https:\/\/api.w.org\/{rel}","templated":true}]}}

Infraestrutura Verde: Equipamentos Sustentáveis Transformando Territórios

<p><strong>SINOPSE:</strong> Discussão sobre como equipamentos e tecnologias sustentáveis podem revolucionar obras públicas e privadas, criando infraestruturas que regeneram ao invés de degradar os territórios urbanos.</p>
<p><strong>VISÃO GERAL:</strong> O painel apresenta soluções concretas em equipamentos e práticas construtivas sustentáveis, mostrando como a infraestrutura urbana pode ser repensada para gerar impacto positivo social e ambiental.</p>
<p><strong>PARTICIPANTES:</strong></p>
<ul>
<li>Lucas Lavecchia de Gouvêa</li>
<li>Tatiana Robles Seferjan</li>
<li>Lincoln César</li>
</ul>
<p>&nbsp;</p>
<p><strong>LOCAL:</strong> Centro Cultural São Paulo &#8211; Sala Adoniran Barbosa &#8211; Rua Vergueiro, 1000</p>

<p>SINOPSE: Discussão sobre como equipamentos e tecnologias sustentáveis podem revolucionar obras públicas e privadas, criando infraestruturas que regeneram ao invés de degradar os territórios urbanos. VISÃO GERAL: O painel apresenta [&hellip;]</p>
