{"id":7916,"date":"2025-09-17T03:44:31","date_gmt":"2025-09-17T06:44:31","guid":{"rendered":"https:\/\/viradasustentavel.org.br\/sao-paulo\/?post_type=tribe_events&#038;p=7916"},"modified":"2025-09-17T03:44:31","modified_gmt":"2025-09-17T06:44:31","slug":"cultura-em-acao-museus-festivais-e-arte-que-mobilizam-e-agem-pelo-clima","status":"publish","type":"tribe_events","link":"https:\/\/viradasustentavel.org.br\/sao-paulo\/eventos\/cultura-em-acao-museus-festivais-e-arte-que-mobilizam-e-agem-pelo-clima\/","title":{"rendered":"Cultura em A\u00e7\u00e3o: Museus, Festivais e Arte que Mobilizam e Agem pelo Clima"},"content":{"rendered":"<p><strong>SINOPSE:<\/strong> Explora\u00e7\u00e3o do papel transformador de museus, festivais e institui\u00e7\u00f5es culturais como catalisadores de consci\u00eancia e a\u00e7\u00e3o clim\u00e1tica, apresentando casos de sucesso em mobiliza\u00e7\u00e3o por meio da arte e cultura.<\/p>\n<p><strong>VIS\u00c3O GERAL:<\/strong> O painel demonstra como institui\u00e7\u00f5es culturais est\u00e3o se reinventando como espa\u00e7os de ativa\u00e7\u00e3o clim\u00e1tica, usando arte, ci\u00eancia e participa\u00e7\u00e3o comunit\u00e1ria para gerar mudan\u00e7as comportamentais e engajamento massivo.<\/p>\n<p><strong>PARTICIPANTES:<\/strong><\/p>\n<ul>\n<li>Virada Sustent\u00e1vel<\/li>\n<li>Victor Serra Lima<\/li>\n<li>Luiz Felipe Moura<\/li>\n<li>Rafael Ferraz<\/li>\n<\/ul>\n<p>&nbsp;<\/p>\n<p><strong>LOCAL:<\/strong> Centro Cultural S\u00e3o Paulo &#8211; Sala Adoniran Barbosa &#8211; Rua Vergueiro, 1000<\/p>\n","protected":false},"excerpt":{"rendered":"<p>SINOPSE: Explora\u00e7\u00e3o do papel transformador de museus, festivais e institui\u00e7\u00f5es culturais como catalisadores de consci\u00eancia e a\u00e7\u00e3o clim\u00e1tica, apresentando casos de sucesso em mobiliza\u00e7\u00e3o por meio da arte e cultura. [&hellip;]<\/p>\n","protected":false},"author":2,"featured_media":0,"template":"","meta":{"_tribe_events_status":"","_tribe_events_status_reason":"","footnotes":""},"tags":[],"tribe_events_cat":[186,134],"class_list":["post-7916","tribe_events","type-tribe_events","status-publish","hentry","tribe_events_cat-forum","tribe_events_cat-seminario","cat_forum","cat_seminario"],"_links":{"self":[{"href":"https:\/\/viradasustentavel.org.br\/sao-paulo\/wp-json\/wp\/v2\/tribe_events\/7916","targetHints":{"allow":["GET"]}}],"collection":[{"href":"https:\/\/viradasustentavel.org.br\/sao-paulo\/wp-json\/wp\/v2\/tribe_events"}],"about":[{"href":"https:\/\/viradasustentavel.org.br\/sao-paulo\/wp-json\/wp\/v2\/types\/tribe_events"}],"author":[{"embeddable":true,"href":"https:\/\/viradasustentavel.org.br\/sao-paulo\/wp-json\/wp\/v2\/users\/2"}],"version-history":[{"count":1,"href":"https:\/\/viradasustentavel.org.br\/sao-paulo\/wp-json\/wp\/v2\/tribe_events\/7916\/revisions"}],"predecessor-version":[{"id":7917,"href":"https:\/\/viradasustentavel.org.br\/sao-paulo\/wp-json\/wp\/v2\/tribe_events\/7916\/revisions\/7917"}],"wp:attachment":[{"href":"https:\/\/viradasustentavel.org.br\/sao-paulo\/wp-json\/wp\/v2\/media?parent=7916"}],"wp:term":[{"taxonomy":"post_tag","embeddable":true,"href":"https:\/\/viradasustentavel.org.br\/sao-paulo\/wp-json\/wp\/v2\/tags?post=7916"},{"taxonomy":"tribe_events_cat","embeddable":true,"href":"https:\/\/viradasustentavel.org.br\/sao-paulo\/wp-json\/wp\/v2\/tribe_events_cat?post=7916"}],"curies":[{"name":"wp","href":"https:\/\/api.w.org\/{rel}","templated":true}]}}

Cultura em Ação: Museus, Festivais e Arte que Mobilizam e Agem pelo Clima

<p><strong>SINOPSE:</strong> Exploração do papel transformador de museus, festivais e instituições culturais como catalisadores de consciência e ação climática, apresentando casos de sucesso em mobilização por meio da arte e cultura.</p>
<p><strong>VISÃO GERAL:</strong> O painel demonstra como instituições culturais estão se reinventando como espaços de ativação climática, usando arte, ciência e participação comunitária para gerar mudanças comportamentais e engajamento massivo.</p>
<p><strong>PARTICIPANTES:</strong></p>
<ul>
<li>Virada Sustentável</li>
<li>Victor Serra Lima</li>
<li>Luiz Felipe Moura</li>
<li>Rafael Ferraz</li>
</ul>
<p>&nbsp;</p>
<p><strong>LOCAL:</strong> Centro Cultural São Paulo &#8211; Sala Adoniran Barbosa &#8211; Rua Vergueiro, 1000</p>

<p>SINOPSE: Exploração do papel transformador de museus, festivais e instituições culturais como catalisadores de consciência e ação climática, apresentando casos de sucesso em mobilização por meio da arte e cultura. [&hellip;]</p>
