{"id":7919,"date":"2025-09-17T03:49:44","date_gmt":"2025-09-17T06:49:44","guid":{"rendered":"https:\/\/viradasustentavel.org.br\/sao-paulo\/?post_type=tribe_events&#038;p=7919"},"modified":"2025-09-17T03:50:37","modified_gmt":"2025-09-17T06:50:37","slug":"sistemas-alimentares-urbanos-da-horta-ao-prato-e-o-combate-ao-desperdicio","status":"publish","type":"tribe_events","link":"https:\/\/viradasustentavel.org.br\/sao-paulo\/eventos\/sistemas-alimentares-urbanos-da-horta-ao-prato-e-o-combate-ao-desperdicio\/","title":{"rendered":"Sistemas Alimentares Urbanos: Da Horta ao Prato e o Combate ao Desperd\u00edcio"},"content":{"rendered":"<p><strong>SINOPSE:<\/strong> Discuss\u00e3o integrada sobre seguran\u00e7a alimentar urbana, agricultura local e redu\u00e7\u00e3o do desperd\u00edcio, conectando grandes varejistas, pol\u00edticas p\u00fablicas e movimentos de base na constru\u00e7\u00e3o de sistemas alimentares justos e sustent\u00e1veis.<\/p>\n<p><strong>VIS\u00c3O GERAL:<\/strong> O painel explora solu\u00e7\u00f5es pr\u00e1ticas para garantir alimenta\u00e7\u00e3o saud\u00e1vel e acess\u00edvel nas cidades, desde hortas comunit\u00e1rias at\u00e9 grandes redes de varejo, com foco em redu\u00e7\u00e3o de desperd\u00edcio e fortalecimento de circuitos curtos.<\/p>\n<p><strong>PARTICIPANTES<\/strong>:<\/p>\n<ul>\n<li>Renata Amaral<\/li>\n<li>Pamela di Christine<\/li>\n<li>Claudia Visoni<\/li>\n<\/ul>\n<p>&nbsp;<\/p>\n<p><strong>LOCAL:<\/strong> Centro Cultural S\u00e3o Paulo &#8211; Sala Adoniran Barbosa &#8211; Rua Vergueiro, 1000<\/p>\n","protected":false},"excerpt":{"rendered":"<p>SINOPSE: Discuss\u00e3o integrada sobre seguran\u00e7a alimentar urbana, agricultura local e redu\u00e7\u00e3o do desperd\u00edcio, conectando grandes varejistas, pol\u00edticas p\u00fablicas e movimentos de base na constru\u00e7\u00e3o de sistemas alimentares justos e sustent\u00e1veis. [&hellip;]<\/p>\n","protected":false},"author":2,"featured_media":0,"template":"","meta":{"_tribe_events_status":"","_tribe_events_status_reason":"","footnotes":""},"tags":[],"tribe_events_cat":[186,134],"class_list":["post-7919","tribe_events","type-tribe_events","status-publish","hentry","tribe_events_cat-forum","tribe_events_cat-seminario","cat_forum","cat_seminario"],"_links":{"self":[{"href":"https:\/\/viradasustentavel.org.br\/sao-paulo\/wp-json\/wp\/v2\/tribe_events\/7919","targetHints":{"allow":["GET"]}}],"collection":[{"href":"https:\/\/viradasustentavel.org.br\/sao-paulo\/wp-json\/wp\/v2\/tribe_events"}],"about":[{"href":"https:\/\/viradasustentavel.org.br\/sao-paulo\/wp-json\/wp\/v2\/types\/tribe_events"}],"author":[{"embeddable":true,"href":"https:\/\/viradasustentavel.org.br\/sao-paulo\/wp-json\/wp\/v2\/users\/2"}],"version-history":[{"count":1,"href":"https:\/\/viradasustentavel.org.br\/sao-paulo\/wp-json\/wp\/v2\/tribe_events\/7919\/revisions"}],"predecessor-version":[{"id":7921,"href":"https:\/\/viradasustentavel.org.br\/sao-paulo\/wp-json\/wp\/v2\/tribe_events\/7919\/revisions\/7921"}],"wp:attachment":[{"href":"https:\/\/viradasustentavel.org.br\/sao-paulo\/wp-json\/wp\/v2\/media?parent=7919"}],"wp:term":[{"taxonomy":"post_tag","embeddable":true,"href":"https:\/\/viradasustentavel.org.br\/sao-paulo\/wp-json\/wp\/v2\/tags?post=7919"},{"taxonomy":"tribe_events_cat","embeddable":true,"href":"https:\/\/viradasustentavel.org.br\/sao-paulo\/wp-json\/wp\/v2\/tribe_events_cat?post=7919"}],"curies":[{"name":"wp","href":"https:\/\/api.w.org\/{rel}","templated":true}]}}

Sistemas Alimentares Urbanos: Da Horta ao Prato e o Combate ao Desperdício

<p><strong>SINOPSE:</strong> Discussão integrada sobre segurança alimentar urbana, agricultura local e redução do desperdício, conectando grandes varejistas, políticas públicas e movimentos de base na construção de sistemas alimentares justos e sustentáveis.</p>
<p><strong>VISÃO GERAL:</strong> O painel explora soluções práticas para garantir alimentação saudável e acessível nas cidades, desde hortas comunitárias até grandes redes de varejo, com foco em redução de desperdício e fortalecimento de circuitos curtos.</p>
<p><strong>PARTICIPANTES</strong>:</p>
<ul>
<li>Renata Amaral</li>
<li>Pamela di Christine</li>
<li>Claudia Visoni</li>
</ul>
<p>&nbsp;</p>
<p><strong>LOCAL:</strong> Centro Cultural São Paulo &#8211; Sala Adoniran Barbosa &#8211; Rua Vergueiro, 1000</p>

<p>SINOPSE: Discussão integrada sobre segurança alimentar urbana, agricultura local e redução do desperdício, conectando grandes varejistas, políticas públicas e movimentos de base na construção de sistemas alimentares justos e sustentáveis. [&hellip;]</p>
