{"id":7925,"date":"2025-09-17T03:53:09","date_gmt":"2025-09-17T06:53:09","guid":{"rendered":"https:\/\/viradasustentavel.org.br\/sao-paulo\/?post_type=tribe_events&#038;p=7925"},"modified":"2025-09-17T03:53:09","modified_gmt":"2025-09-17T06:53:09","slug":"voltar-a-ser-floresta-restauracao-em-escala-da-mata-atlantica-a-amazonia","status":"publish","type":"tribe_events","link":"https:\/\/viradasustentavel.org.br\/sao-paulo\/eventos\/voltar-a-ser-floresta-restauracao-em-escala-da-mata-atlantica-a-amazonia\/","title":{"rendered":"Voltar a Ser Floresta: Restaura\u00e7\u00e3o em Escala, da Mata Atl\u00e2ntica \u00e0 Amaz\u00f4nia"},"content":{"rendered":"<p><strong>SINOPSE:<\/strong> Casos inspiradores de restaura\u00e7\u00e3o florestal em larga escala, apresentando modelos replic\u00e1veis, frameworks legais e estrat\u00e9gias de mobiliza\u00e7\u00e3o que est\u00e3o devolvendo vida a milh\u00f5es de hectares degradados.<\/p>\n<p><strong>VIS\u00c3O GERAL:<\/strong> O painel re\u00fane experi\u00eancias concretas de restaura\u00e7\u00e3o, desde o Vale do Rio Doce at\u00e9 a Amaz\u00f4nia, demonstrando que \u00e9 poss\u00edvel reverter d\u00e9cadas de degrada\u00e7\u00e3o atrav\u00e9s de ci\u00eancia, mobiliza\u00e7\u00e3o social e marcos legais adequados.<\/p>\n<p><strong>PARTICIPANTES:<\/strong><\/p>\n<ul>\n<li>Luciana Lanna \u2013 Membro da Comiss\u00e3o do Clima da OAB SP<\/li>\n<li>Deborah C\u00e2mara Batista<\/li>\n<li>Isadora Gran<\/li>\n<li>M\u00e1rio Constantino<\/li>\n<\/ul>\n<p>&nbsp;<\/p>\n<p><strong>LOCAL:<\/strong> Centro Cultural S\u00e3o Paulo &#8211; Sala Adoniran Barbosa &#8211; Rua Vergueiro, 1000<\/p>\n","protected":false},"excerpt":{"rendered":"<p>SINOPSE: Casos inspiradores de restaura\u00e7\u00e3o florestal em larga escala, apresentando modelos replic\u00e1veis, frameworks legais e estrat\u00e9gias de mobiliza\u00e7\u00e3o que est\u00e3o devolvendo vida a milh\u00f5es de hectares degradados. VIS\u00c3O GERAL: O [&hellip;]<\/p>\n","protected":false},"author":2,"featured_media":0,"template":"","meta":{"_tribe_events_status":"","_tribe_events_status_reason":"","footnotes":""},"tags":[],"tribe_events_cat":[186,134],"class_list":["post-7925","tribe_events","type-tribe_events","status-publish","hentry","tribe_events_cat-forum","tribe_events_cat-seminario","cat_forum","cat_seminario"],"_links":{"self":[{"href":"https:\/\/viradasustentavel.org.br\/sao-paulo\/wp-json\/wp\/v2\/tribe_events\/7925","targetHints":{"allow":["GET"]}}],"collection":[{"href":"https:\/\/viradasustentavel.org.br\/sao-paulo\/wp-json\/wp\/v2\/tribe_events"}],"about":[{"href":"https:\/\/viradasustentavel.org.br\/sao-paulo\/wp-json\/wp\/v2\/types\/tribe_events"}],"author":[{"embeddable":true,"href":"https:\/\/viradasustentavel.org.br\/sao-paulo\/wp-json\/wp\/v2\/users\/2"}],"version-history":[{"count":1,"href":"https:\/\/viradasustentavel.org.br\/sao-paulo\/wp-json\/wp\/v2\/tribe_events\/7925\/revisions"}],"predecessor-version":[{"id":7926,"href":"https:\/\/viradasustentavel.org.br\/sao-paulo\/wp-json\/wp\/v2\/tribe_events\/7925\/revisions\/7926"}],"wp:attachment":[{"href":"https:\/\/viradasustentavel.org.br\/sao-paulo\/wp-json\/wp\/v2\/media?parent=7925"}],"wp:term":[{"taxonomy":"post_tag","embeddable":true,"href":"https:\/\/viradasustentavel.org.br\/sao-paulo\/wp-json\/wp\/v2\/tags?post=7925"},{"taxonomy":"tribe_events_cat","embeddable":true,"href":"https:\/\/viradasustentavel.org.br\/sao-paulo\/wp-json\/wp\/v2\/tribe_events_cat?post=7925"}],"curies":[{"name":"wp","href":"https:\/\/api.w.org\/{rel}","templated":true}]}}

Voltar a Ser Floresta: Restauração em Escala, da Mata Atlântica à Amazônia

<p><strong>SINOPSE:</strong> Casos inspiradores de restauração florestal em larga escala, apresentando modelos replicáveis, frameworks legais e estratégias de mobilização que estão devolvendo vida a milhões de hectares degradados.</p>
<p><strong>VISÃO GERAL:</strong> O painel reúne experiências concretas de restauração, desde o Vale do Rio Doce até a Amazônia, demonstrando que é possível reverter décadas de degradação através de ciência, mobilização social e marcos legais adequados.</p>
<p><strong>PARTICIPANTES:</strong></p>
<ul>
<li>Luciana Lanna – Membro da Comissão do Clima da OAB SP</li>
<li>Deborah Câmara Batista</li>
<li>Isadora Gran</li>
<li>Mário Constantino</li>
</ul>
<p>&nbsp;</p>
<p><strong>LOCAL:</strong> Centro Cultural São Paulo &#8211; Sala Adoniran Barbosa &#8211; Rua Vergueiro, 1000</p>

<p>SINOPSE: Casos inspiradores de restauração florestal em larga escala, apresentando modelos replicáveis, frameworks legais e estratégias de mobilização que estão devolvendo vida a milhões de hectares degradados. VISÃO GERAL: O [&hellip;]</p>
