{"id":7931,"date":"2025-09-17T03:58:29","date_gmt":"2025-09-17T06:58:29","guid":{"rendered":"https:\/\/viradasustentavel.org.br\/sao-paulo\/?post_type=tribe_events&#038;p=7931"},"modified":"2025-09-17T03:59:35","modified_gmt":"2025-09-17T06:59:35","slug":"trilogia-da-vida-agua-pura-ar-limpo-energia-acessivel","status":"publish","type":"tribe_events","link":"https:\/\/viradasustentavel.org.br\/sao-paulo\/eventos\/trilogia-da-vida-agua-pura-ar-limpo-energia-acessivel\/","title":{"rendered":"Trilogia da Vida: \u00c1gua Pura, Ar Limpo, Energia Acess\u00edvel"},"content":{"rendered":"<p><strong>SINOPSE:<\/strong> Explora\u00e7\u00e3o da interdepend\u00eancia entre qualidade do ar, recursos h\u00eddricos e transi\u00e7\u00e3o energ\u00e9tica, apresentando solu\u00e7\u00f5es integradas que garantem sa\u00fade e qualidade de vida nas cidades.<\/p>\n<p><strong>VIS\u00c3O GERAL:<\/strong> O painel demonstra como \u00e1gua, ar e energia formam um trip\u00e9 indissoci\u00e1vel para cidades saud\u00e1veis, apresentando tecnologias e pol\u00edticas que abordam esses elementos de forma sist\u00eamica e inclusiva.<\/p>\n<p><strong>PARTICIPANTES:<\/strong><\/p>\n<ul>\n<li>Dra Danielle Bedin<\/li>\n<li>Wagner Cunha Carvalho<\/li>\n<li>Flavia Freitas Ramos<\/li>\n<\/ul>\n<p>&nbsp;<\/p>\n<p><strong>LOCAL:<\/strong> Centro Cultural S\u00e3o Paulo &#8211; Sala Adoniran Barbosa &#8211; Rua Vergueiro, 1000<\/p>\n","protected":false},"excerpt":{"rendered":"<p>SINOPSE: Explora\u00e7\u00e3o da interdepend\u00eancia entre qualidade do ar, recursos h\u00eddricos e transi\u00e7\u00e3o energ\u00e9tica, apresentando solu\u00e7\u00f5es integradas que garantem sa\u00fade e qualidade de vida nas cidades. VIS\u00c3O GERAL: O painel demonstra [&hellip;]<\/p>\n","protected":false},"author":2,"featured_media":0,"template":"","meta":{"_tribe_events_status":"","_tribe_events_status_reason":"","footnotes":""},"tags":[],"tribe_events_cat":[186,134],"class_list":["post-7931","tribe_events","type-tribe_events","status-publish","hentry","tribe_events_cat-forum","tribe_events_cat-seminario","cat_forum","cat_seminario"],"_links":{"self":[{"href":"https:\/\/viradasustentavel.org.br\/sao-paulo\/wp-json\/wp\/v2\/tribe_events\/7931","targetHints":{"allow":["GET"]}}],"collection":[{"href":"https:\/\/viradasustentavel.org.br\/sao-paulo\/wp-json\/wp\/v2\/tribe_events"}],"about":[{"href":"https:\/\/viradasustentavel.org.br\/sao-paulo\/wp-json\/wp\/v2\/types\/tribe_events"}],"author":[{"embeddable":true,"href":"https:\/\/viradasustentavel.org.br\/sao-paulo\/wp-json\/wp\/v2\/users\/2"}],"version-history":[{"count":1,"href":"https:\/\/viradasustentavel.org.br\/sao-paulo\/wp-json\/wp\/v2\/tribe_events\/7931\/revisions"}],"predecessor-version":[{"id":7932,"href":"https:\/\/viradasustentavel.org.br\/sao-paulo\/wp-json\/wp\/v2\/tribe_events\/7931\/revisions\/7932"}],"wp:attachment":[{"href":"https:\/\/viradasustentavel.org.br\/sao-paulo\/wp-json\/wp\/v2\/media?parent=7931"}],"wp:term":[{"taxonomy":"post_tag","embeddable":true,"href":"https:\/\/viradasustentavel.org.br\/sao-paulo\/wp-json\/wp\/v2\/tags?post=7931"},{"taxonomy":"tribe_events_cat","embeddable":true,"href":"https:\/\/viradasustentavel.org.br\/sao-paulo\/wp-json\/wp\/v2\/tribe_events_cat?post=7931"}],"curies":[{"name":"wp","href":"https:\/\/api.w.org\/{rel}","templated":true}]}}

Trilogia da Vida: Água Pura, Ar Limpo, Energia Acessível

<p><strong>SINOPSE:</strong> Exploração da interdependência entre qualidade do ar, recursos hídricos e transição energética, apresentando soluções integradas que garantem saúde e qualidade de vida nas cidades.</p>
<p><strong>VISÃO GERAL:</strong> O painel demonstra como água, ar e energia formam um tripé indissociável para cidades saudáveis, apresentando tecnologias e políticas que abordam esses elementos de forma sistêmica e inclusiva.</p>
<p><strong>PARTICIPANTES:</strong></p>
<ul>
<li>Dra Danielle Bedin</li>
<li>Wagner Cunha Carvalho</li>
<li>Flavia Freitas Ramos</li>
</ul>
<p>&nbsp;</p>
<p><strong>LOCAL:</strong> Centro Cultural São Paulo &#8211; Sala Adoniran Barbosa &#8211; Rua Vergueiro, 1000</p>

<p>SINOPSE: Exploração da interdependência entre qualidade do ar, recursos hídricos e transição energética, apresentando soluções integradas que garantem saúde e qualidade de vida nas cidades. VISÃO GERAL: O painel demonstra [&hellip;]</p>
