{"id":7933,"date":"2025-09-17T04:02:07","date_gmt":"2025-09-17T07:02:07","guid":{"rendered":"https:\/\/viradasustentavel.org.br\/sao-paulo\/?post_type=tribe_events&#038;p=7933"},"modified":"2025-09-17T04:02:07","modified_gmt":"2025-09-17T07:02:07","slug":"futuros-em-pratica-informacoes-e-solucoes-da-rede-vs-sp-para-a-sustentabilidade","status":"publish","type":"tribe_events","link":"https:\/\/viradasustentavel.org.br\/sao-paulo\/eventos\/futuros-em-pratica-informacoes-e-solucoes-da-rede-vs-sp-para-a-sustentabilidade\/","title":{"rendered":"Futuros em Pr\u00e1tica: Informa\u00e7\u00f5es e Solu\u00e7\u00f5es da Rede VS SP para a Sustentabilidade"},"content":{"rendered":"<p><strong>SINOPSE:<\/strong> Sess\u00e3o colaborativa que integra os aprendizados de todos os pain\u00e9is, usando metodologias participativas para cocriar solu\u00e7\u00f5es sist\u00eamicas e fortalecer a rede de sustentabilidade.<\/p>\n<p><strong>VIS\u00c3O GERAL:<\/strong> Facilitado por Lala Deheinzelin, este painel especial transforma participantes em cocriadores, conectando os 5 temas do f\u00f3rum em propostas integradas e estabelecendo compromissos coletivos para a\u00e7\u00e3o.<\/p>\n<p><strong>PARTICIPANTES:<\/strong><\/p>\n<ul>\n<li>Crie Futuros<\/li>\n<\/ul>\n<p>&nbsp;<\/p>\n<p><strong>LOCAL:<\/strong> Centro Cultural S\u00e3o Paulo &#8211; Sala Adoniran Barbosa &#8211; Rua Vergueiro, 1000<\/p>\n","protected":false},"excerpt":{"rendered":"<p>SINOPSE: Sess\u00e3o colaborativa que integra os aprendizados de todos os pain\u00e9is, usando metodologias participativas para cocriar solu\u00e7\u00f5es sist\u00eamicas e fortalecer a rede de sustentabilidade. VIS\u00c3O GERAL: Facilitado por Lala Deheinzelin, [&hellip;]<\/p>\n","protected":false},"author":2,"featured_media":0,"template":"","meta":{"_tribe_events_status":"","_tribe_events_status_reason":"","footnotes":""},"tags":[],"tribe_events_cat":[186,134],"class_list":["post-7933","tribe_events","type-tribe_events","status-publish","hentry","tribe_events_cat-forum","tribe_events_cat-seminario","cat_forum","cat_seminario"],"_links":{"self":[{"href":"https:\/\/viradasustentavel.org.br\/sao-paulo\/wp-json\/wp\/v2\/tribe_events\/7933","targetHints":{"allow":["GET"]}}],"collection":[{"href":"https:\/\/viradasustentavel.org.br\/sao-paulo\/wp-json\/wp\/v2\/tribe_events"}],"about":[{"href":"https:\/\/viradasustentavel.org.br\/sao-paulo\/wp-json\/wp\/v2\/types\/tribe_events"}],"author":[{"embeddable":true,"href":"https:\/\/viradasustentavel.org.br\/sao-paulo\/wp-json\/wp\/v2\/users\/2"}],"version-history":[{"count":1,"href":"https:\/\/viradasustentavel.org.br\/sao-paulo\/wp-json\/wp\/v2\/tribe_events\/7933\/revisions"}],"predecessor-version":[{"id":7934,"href":"https:\/\/viradasustentavel.org.br\/sao-paulo\/wp-json\/wp\/v2\/tribe_events\/7933\/revisions\/7934"}],"wp:attachment":[{"href":"https:\/\/viradasustentavel.org.br\/sao-paulo\/wp-json\/wp\/v2\/media?parent=7933"}],"wp:term":[{"taxonomy":"post_tag","embeddable":true,"href":"https:\/\/viradasustentavel.org.br\/sao-paulo\/wp-json\/wp\/v2\/tags?post=7933"},{"taxonomy":"tribe_events_cat","embeddable":true,"href":"https:\/\/viradasustentavel.org.br\/sao-paulo\/wp-json\/wp\/v2\/tribe_events_cat?post=7933"}],"curies":[{"name":"wp","href":"https:\/\/api.w.org\/{rel}","templated":true}]}}

Futuros em Prática: Informações e Soluções da Rede VS SP para a Sustentabilidade

<p><strong>SINOPSE:</strong> Sessão colaborativa que integra os aprendizados de todos os painéis, usando metodologias participativas para cocriar soluções sistêmicas e fortalecer a rede de sustentabilidade.</p>
<p><strong>VISÃO GERAL:</strong> Facilitado por Lala Deheinzelin, este painel especial transforma participantes em cocriadores, conectando os 5 temas do fórum em propostas integradas e estabelecendo compromissos coletivos para ação.</p>
<p><strong>PARTICIPANTES:</strong></p>
<ul>
<li>Crie Futuros</li>
</ul>
<p>&nbsp;</p>
<p><strong>LOCAL:</strong> Centro Cultural São Paulo &#8211; Sala Adoniran Barbosa &#8211; Rua Vergueiro, 1000</p>

<p>SINOPSE: Sessão colaborativa que integra os aprendizados de todos os painéis, usando metodologias participativas para cocriar soluções sistêmicas e fortalecer a rede de sustentabilidade. VISÃO GERAL: Facilitado por Lala Deheinzelin, [&hellip;]</p>
