{"id":7940,"date":"2025-09-17T04:09:34","date_gmt":"2025-09-17T07:09:34","guid":{"rendered":"https:\/\/viradasustentavel.org.br\/sao-paulo\/?post_type=tribe_events&#038;p=7940"},"modified":"2025-09-17T04:09:34","modified_gmt":"2025-09-17T07:09:34","slug":"roda-de-conversa-protecao-para-as-aguas-e-ar","status":"publish","type":"tribe_events","link":"https:\/\/viradasustentavel.org.br\/sao-paulo\/eventos\/roda-de-conversa-protecao-para-as-aguas-e-ar\/","title":{"rendered":"Roda de conversa &#8211; Prote\u00e7\u00e3o para as \u00e1guas e ar"},"content":{"rendered":"<p>Roda de conversa para exposi\u00e7\u00e3o das iniciativas nacionais e internacionais das organiza\u00e7\u00f5es Waterlution, Sea Shepherd Brasil e Instituto Ar para informa\u00e7\u00e3o de perspectivas inovadoras de prote\u00e7\u00e3o de sistemas aqu\u00e1ticos e do Ar (mares, rios, fauna e flora), seguran\u00e7a h\u00eddrica e produ\u00e7\u00e3o de conhecimento sobre polui\u00e7\u00e3o pela perspectiva da sa\u00fade humana como meio primordial para a adapta\u00e7\u00e3o clim\u00e1tica.<\/p>\n<p>PARTICIPANTES:<\/p>\n<ul>\n<li>Sea Shepherd BrasiL<\/li>\n<li>Instituto Ar<\/li>\n<\/ul>\n<p>&nbsp;<\/p>\n<p>LOCAL: Centro Cultural S\u00e3o Paulo &#8211; Espa\u00e7o Miss\u00e3o &#8211; Rua Vergueiro, 1000<\/p>\n","protected":false},"excerpt":{"rendered":"<p>Roda de conversa para exposi\u00e7\u00e3o das iniciativas nacionais e internacionais das organiza\u00e7\u00f5es Waterlution, Sea Shepherd Brasil e Instituto Ar para informa\u00e7\u00e3o de perspectivas inovadoras de prote\u00e7\u00e3o de sistemas aqu\u00e1ticos e [&hellip;]<\/p>\n","protected":false},"author":2,"featured_media":0,"template":"","meta":{"_tribe_events_status":"","_tribe_events_status_reason":"","footnotes":""},"tags":[],"tribe_events_cat":[186,122],"class_list":["post-7940","tribe_events","type-tribe_events","status-publish","hentry","tribe_events_cat-forum","tribe_events_cat-talks","cat_forum","cat_talks"],"_links":{"self":[{"href":"https:\/\/viradasustentavel.org.br\/sao-paulo\/wp-json\/wp\/v2\/tribe_events\/7940","targetHints":{"allow":["GET"]}}],"collection":[{"href":"https:\/\/viradasustentavel.org.br\/sao-paulo\/wp-json\/wp\/v2\/tribe_events"}],"about":[{"href":"https:\/\/viradasustentavel.org.br\/sao-paulo\/wp-json\/wp\/v2\/types\/tribe_events"}],"author":[{"embeddable":true,"href":"https:\/\/viradasustentavel.org.br\/sao-paulo\/wp-json\/wp\/v2\/users\/2"}],"version-history":[{"count":1,"href":"https:\/\/viradasustentavel.org.br\/sao-paulo\/wp-json\/wp\/v2\/tribe_events\/7940\/revisions"}],"predecessor-version":[{"id":7941,"href":"https:\/\/viradasustentavel.org.br\/sao-paulo\/wp-json\/wp\/v2\/tribe_events\/7940\/revisions\/7941"}],"wp:attachment":[{"href":"https:\/\/viradasustentavel.org.br\/sao-paulo\/wp-json\/wp\/v2\/media?parent=7940"}],"wp:term":[{"taxonomy":"post_tag","embeddable":true,"href":"https:\/\/viradasustentavel.org.br\/sao-paulo\/wp-json\/wp\/v2\/tags?post=7940"},{"taxonomy":"tribe_events_cat","embeddable":true,"href":"https:\/\/viradasustentavel.org.br\/sao-paulo\/wp-json\/wp\/v2\/tribe_events_cat?post=7940"}],"curies":[{"name":"wp","href":"https:\/\/api.w.org\/{rel}","templated":true}]}}

Roda de conversa &#8211; Proteção para as águas e ar

<p>Roda de conversa para exposição das iniciativas nacionais e internacionais das organizações Waterlution, Sea Shepherd Brasil e Instituto Ar para informação de perspectivas inovadoras de proteção de sistemas aquáticos e do Ar (mares, rios, fauna e flora), segurança hídrica e produção de conhecimento sobre poluição pela perspectiva da saúde humana como meio primordial para a adaptação climática.</p>
<p>PARTICIPANTES:</p>
<ul>
<li>Sea Shepherd BrasiL</li>
<li>Instituto Ar</li>
</ul>
<p>&nbsp;</p>
<p>LOCAL: Centro Cultural São Paulo &#8211; Espaço Missão &#8211; Rua Vergueiro, 1000</p>

<p>Roda de conversa para exposição das iniciativas nacionais e internacionais das organizações Waterlution, Sea Shepherd Brasil e Instituto Ar para informação de perspectivas inovadoras de proteção de sistemas aquáticos e [&hellip;]</p>
