{"id":806,"date":"2025-09-11T17:45:35","date_gmt":"2025-09-11T20:45:35","guid":{"rendered":"https:\/\/viradasustentavel.org.br\/sao-paulo\/eventos\/aulao-de-yoga-ao-ar-livre\/"},"modified":"2025-09-12T09:19:02","modified_gmt":"2025-09-12T12:19:02","slug":"aulao-de-yoga-ao-ar-livre","status":"publish","type":"tribe_events","link":"https:\/\/viradasustentavel.org.br\/sao-paulo\/eventos\/aulao-de-yoga-ao-ar-livre\/","title":{"rendered":"Aul\u00e3o de Yoga ao ar livre"},"content":{"rendered":"<p>Foco em respira\u00e7\u00e3o consciente e alongamento, conversa sobre a import\u00eancia das \u00e1rvores na purifica\u00e7\u00e3o do ar.<\/p>\n","protected":false},"excerpt":{"rendered":"<p>Foco em respira\u00e7\u00e3o consciente e alongamento, conversa sobre a import\u00eancia das \u00e1rvores na purifica\u00e7\u00e3o do ar.<\/p>\n","protected":false},"author":2,"featured_media":0,"template":"","meta":{"_tribe_events_status":"","_tribe_events_status_reason":"","footnotes":""},"tags":[83],"tribe_events_cat":[105],"class_list":["post-806","tribe_events","type-tribe_events","status-publish","hentry","tag-83","tribe_events_cat-ceus","cat_ceus"],"_links":{"self":[{"href":"https:\/\/viradasustentavel.org.br\/sao-paulo\/wp-json\/wp\/v2\/tribe_events\/806","targetHints":{"allow":["GET"]}}],"collection":[{"href":"https:\/\/viradasustentavel.org.br\/sao-paulo\/wp-json\/wp\/v2\/tribe_events"}],"about":[{"href":"https:\/\/viradasustentavel.org.br\/sao-paulo\/wp-json\/wp\/v2\/types\/tribe_events"}],"author":[{"embeddable":true,"href":"https:\/\/viradasustentavel.org.br\/sao-paulo\/wp-json\/wp\/v2\/users\/2"}],"version-history":[{"count":1,"href":"https:\/\/viradasustentavel.org.br\/sao-paulo\/wp-json\/wp\/v2\/tribe_events\/806\/revisions"}],"predecessor-version":[{"id":978,"href":"https:\/\/viradasustentavel.org.br\/sao-paulo\/wp-json\/wp\/v2\/tribe_events\/806\/revisions\/978"}],"wp:attachment":[{"href":"https:\/\/viradasustentavel.org.br\/sao-paulo\/wp-json\/wp\/v2\/media?parent=806"}],"wp:term":[{"taxonomy":"post_tag","embeddable":true,"href":"https:\/\/viradasustentavel.org.br\/sao-paulo\/wp-json\/wp\/v2\/tags?post=806"},{"taxonomy":"tribe_events_cat","embeddable":true,"href":"https:\/\/viradasustentavel.org.br\/sao-paulo\/wp-json\/wp\/v2\/tribe_events_cat?post=806"}],"curies":[{"name":"wp","href":"https:\/\/api.w.org\/{rel}","templated":true}]}}

Aulão de Yoga ao ar livre

<p>Foco em respiração consciente e alongamento, conversa sobre a importência das árvores na purificação do ar.</p>
