{"id":808,"date":"2025-09-11T17:45:35","date_gmt":"2025-09-11T20:45:35","guid":{"rendered":"https:\/\/viradasustentavel.org.br\/sao-paulo\/eventos\/gincana-ecologica\/"},"modified":"2025-09-12T09:18:44","modified_gmt":"2025-09-12T12:18:44","slug":"gincana-ecologica","status":"publish","type":"tribe_events","link":"https:\/\/viradasustentavel.org.br\/sao-paulo\/eventos\/gincana-ecologica\/","title":{"rendered":"Gincana Ecol\u00f3gica"},"content":{"rendered":"<p>Provas em quipe: corrida de revezamento de baldes de agu\u00e1 para regar plantas, plantio r\u00e1pido e quiz ambiental.<\/p>\n","protected":false},"excerpt":{"rendered":"<p>Provas em quipe: corrida de revezamento de baldes de agu\u00e1 para regar plantas, plantio r\u00e1pido e quiz ambiental.<\/p>\n","protected":false},"author":2,"featured_media":0,"template":"","meta":{"_tribe_events_status":"","_tribe_events_status_reason":"","footnotes":""},"tags":[82],"tribe_events_cat":[105],"class_list":["post-808","tribe_events","type-tribe_events","status-publish","hentry","tag-82","tribe_events_cat-ceus","cat_ceus"],"_links":{"self":[{"href":"https:\/\/viradasustentavel.org.br\/sao-paulo\/wp-json\/wp\/v2\/tribe_events\/808","targetHints":{"allow":["GET"]}}],"collection":[{"href":"https:\/\/viradasustentavel.org.br\/sao-paulo\/wp-json\/wp\/v2\/tribe_events"}],"about":[{"href":"https:\/\/viradasustentavel.org.br\/sao-paulo\/wp-json\/wp\/v2\/types\/tribe_events"}],"author":[{"embeddable":true,"href":"https:\/\/viradasustentavel.org.br\/sao-paulo\/wp-json\/wp\/v2\/users\/2"}],"version-history":[{"count":1,"href":"https:\/\/viradasustentavel.org.br\/sao-paulo\/wp-json\/wp\/v2\/tribe_events\/808\/revisions"}],"predecessor-version":[{"id":892,"href":"https:\/\/viradasustentavel.org.br\/sao-paulo\/wp-json\/wp\/v2\/tribe_events\/808\/revisions\/892"}],"wp:attachment":[{"href":"https:\/\/viradasustentavel.org.br\/sao-paulo\/wp-json\/wp\/v2\/media?parent=808"}],"wp:term":[{"taxonomy":"post_tag","embeddable":true,"href":"https:\/\/viradasustentavel.org.br\/sao-paulo\/wp-json\/wp\/v2\/tags?post=808"},{"taxonomy":"tribe_events_cat","embeddable":true,"href":"https:\/\/viradasustentavel.org.br\/sao-paulo\/wp-json\/wp\/v2\/tribe_events_cat?post=808"}],"curies":[{"name":"wp","href":"https:\/\/api.w.org\/{rel}","templated":true}]}}

Gincana Ecológica

<p>Provas em quipe: corrida de revezamento de baldes de aguá para regar plantas, plantio rápido e quiz ambiental.</p>
