{"id":811,"date":"2025-09-11T17:47:37","date_gmt":"2025-09-11T20:47:37","guid":{"rendered":"https:\/\/viradasustentavel.org.br\/sao-paulo\/eventos\/exibicao-do-documentario-nosso-planeta\/"},"modified":"2025-09-12T09:18:46","modified_gmt":"2025-09-12T12:18:46","slug":"exibicao-do-documentario-nosso-planeta","status":"publish","type":"tribe_events","link":"https:\/\/viradasustentavel.org.br\/sao-paulo\/eventos\/exibicao-do-documentario-nosso-planeta\/","title":{"rendered":"Exibi\u00e7\u00e3o do document\u00e1rio Nosso Planeta."},"content":{"rendered":"<p>Exibi\u00e7\u00e3o do document\u00e1rio Nosso Planeta mais roda de conversa sobre mudan\u00e7as climaticas<\/p>\n","protected":false},"excerpt":{"rendered":"<p>Exibi\u00e7\u00e3o do document\u00e1rio Nosso Planeta mais roda de conversa sobre mudan\u00e7as climaticas<\/p>\n","protected":false},"author":2,"featured_media":0,"template":"","meta":{"_tribe_events_status":"","_tribe_events_status_reason":"","footnotes":""},"tags":[83],"tribe_events_cat":[105],"class_list":["post-811","tribe_events","type-tribe_events","status-publish","hentry","tag-83","tribe_events_cat-ceus","cat_ceus"],"_links":{"self":[{"href":"https:\/\/viradasustentavel.org.br\/sao-paulo\/wp-json\/wp\/v2\/tribe_events\/811","targetHints":{"allow":["GET"]}}],"collection":[{"href":"https:\/\/viradasustentavel.org.br\/sao-paulo\/wp-json\/wp\/v2\/tribe_events"}],"about":[{"href":"https:\/\/viradasustentavel.org.br\/sao-paulo\/wp-json\/wp\/v2\/types\/tribe_events"}],"author":[{"embeddable":true,"href":"https:\/\/viradasustentavel.org.br\/sao-paulo\/wp-json\/wp\/v2\/users\/2"}],"version-history":[{"count":1,"href":"https:\/\/viradasustentavel.org.br\/sao-paulo\/wp-json\/wp\/v2\/tribe_events\/811\/revisions"}],"predecessor-version":[{"id":933,"href":"https:\/\/viradasustentavel.org.br\/sao-paulo\/wp-json\/wp\/v2\/tribe_events\/811\/revisions\/933"}],"wp:attachment":[{"href":"https:\/\/viradasustentavel.org.br\/sao-paulo\/wp-json\/wp\/v2\/media?parent=811"}],"wp:term":[{"taxonomy":"post_tag","embeddable":true,"href":"https:\/\/viradasustentavel.org.br\/sao-paulo\/wp-json\/wp\/v2\/tags?post=811"},{"taxonomy":"tribe_events_cat","embeddable":true,"href":"https:\/\/viradasustentavel.org.br\/sao-paulo\/wp-json\/wp\/v2\/tribe_events_cat?post=811"}],"curies":[{"name":"wp","href":"https:\/\/api.w.org\/{rel}","templated":true}]}}

Exibição do documentário Nosso Planeta.

<p>Exibição do documentário Nosso Planeta mais roda de conversa sobre mudanças climaticas</p>
