{"id":814,"date":"2025-09-11T17:47:38","date_gmt":"2025-09-11T20:47:38","guid":{"rendered":"https:\/\/viradasustentavel.org.br\/sao-paulo\/eventos\/contacao-de-historia-2\/"},"modified":"2025-09-12T09:19:24","modified_gmt":"2025-09-12T12:19:24","slug":"contacao-de-historia-2","status":"publish","type":"tribe_events","link":"https:\/\/viradasustentavel.org.br\/sao-paulo\/eventos\/contacao-de-historia-2\/","title":{"rendered":"Conta\u00e7\u00e3o de hist\u00f3ria"},"content":{"rendered":"<p>Conta\u00e7\u00e3o de hist\u00f3rias para as crian\u00e7as sobre sustentabilidade<\/p>\n","protected":false},"excerpt":{"rendered":"<p>Conta\u00e7\u00e3o de hist\u00f3rias para as crian\u00e7as sobre sustentabilidade<\/p>\n","protected":false},"author":2,"featured_media":0,"template":"","meta":{"_tribe_events_status":"","_tribe_events_status_reason":"","footnotes":""},"tags":[28],"tribe_events_cat":[105],"class_list":["post-814","tribe_events","type-tribe_events","status-publish","hentry","tag-livre","tribe_events_cat-ceus","cat_ceus"],"_links":{"self":[{"href":"https:\/\/viradasustentavel.org.br\/sao-paulo\/wp-json\/wp\/v2\/tribe_events\/814","targetHints":{"allow":["GET"]}}],"collection":[{"href":"https:\/\/viradasustentavel.org.br\/sao-paulo\/wp-json\/wp\/v2\/tribe_events"}],"about":[{"href":"https:\/\/viradasustentavel.org.br\/sao-paulo\/wp-json\/wp\/v2\/types\/tribe_events"}],"author":[{"embeddable":true,"href":"https:\/\/viradasustentavel.org.br\/sao-paulo\/wp-json\/wp\/v2\/users\/2"}],"version-history":[{"count":1,"href":"https:\/\/viradasustentavel.org.br\/sao-paulo\/wp-json\/wp\/v2\/tribe_events\/814\/revisions"}],"predecessor-version":[{"id":1023,"href":"https:\/\/viradasustentavel.org.br\/sao-paulo\/wp-json\/wp\/v2\/tribe_events\/814\/revisions\/1023"}],"wp:attachment":[{"href":"https:\/\/viradasustentavel.org.br\/sao-paulo\/wp-json\/wp\/v2\/media?parent=814"}],"wp:term":[{"taxonomy":"post_tag","embeddable":true,"href":"https:\/\/viradasustentavel.org.br\/sao-paulo\/wp-json\/wp\/v2\/tags?post=814"},{"taxonomy":"tribe_events_cat","embeddable":true,"href":"https:\/\/viradasustentavel.org.br\/sao-paulo\/wp-json\/wp\/v2\/tribe_events_cat?post=814"}],"curies":[{"name":"wp","href":"https:\/\/api.w.org\/{rel}","templated":true}]}}

Contação de história

<p>Contação de histórias para as crianças sobre sustentabilidade</p>
