{"id":819,"date":"2025-09-11T17:49:39","date_gmt":"2025-09-11T20:49:39","guid":{"rendered":"https:\/\/viradasustentavel.org.br\/sao-paulo\/eventos\/oficina-de-confeccao-de-materiais-reciclaveis\/"},"modified":"2025-09-12T09:19:24","modified_gmt":"2025-09-12T12:19:24","slug":"oficina-de-confeccao-de-materiais-reciclaveis","status":"publish","type":"tribe_events","link":"https:\/\/viradasustentavel.org.br\/sao-paulo\/eventos\/oficina-de-confeccao-de-materiais-reciclaveis\/","title":{"rendered":"Oficina de confec\u00e7\u00e3o de materiais recicl\u00e1veis"},"content":{"rendered":"<p>Oficina de materiais recicl\u00e1veis<\/p>\n","protected":false},"excerpt":{"rendered":"<p>Oficina de materiais recicl\u00e1veis<\/p>\n","protected":false},"author":2,"featured_media":0,"template":"","meta":{"_tribe_events_status":"","_tribe_events_status_reason":"","footnotes":""},"tags":[28],"tribe_events_cat":[105],"class_list":["post-819","tribe_events","type-tribe_events","status-publish","hentry","tag-livre","tribe_events_cat-ceus","cat_ceus"],"_links":{"self":[{"href":"https:\/\/viradasustentavel.org.br\/sao-paulo\/wp-json\/wp\/v2\/tribe_events\/819","targetHints":{"allow":["GET"]}}],"collection":[{"href":"https:\/\/viradasustentavel.org.br\/sao-paulo\/wp-json\/wp\/v2\/tribe_events"}],"about":[{"href":"https:\/\/viradasustentavel.org.br\/sao-paulo\/wp-json\/wp\/v2\/types\/tribe_events"}],"author":[{"embeddable":true,"href":"https:\/\/viradasustentavel.org.br\/sao-paulo\/wp-json\/wp\/v2\/users\/2"}],"version-history":[{"count":1,"href":"https:\/\/viradasustentavel.org.br\/sao-paulo\/wp-json\/wp\/v2\/tribe_events\/819\/revisions"}],"predecessor-version":[{"id":1015,"href":"https:\/\/viradasustentavel.org.br\/sao-paulo\/wp-json\/wp\/v2\/tribe_events\/819\/revisions\/1015"}],"wp:attachment":[{"href":"https:\/\/viradasustentavel.org.br\/sao-paulo\/wp-json\/wp\/v2\/media?parent=819"}],"wp:term":[{"taxonomy":"post_tag","embeddable":true,"href":"https:\/\/viradasustentavel.org.br\/sao-paulo\/wp-json\/wp\/v2\/tags?post=819"},{"taxonomy":"tribe_events_cat","embeddable":true,"href":"https:\/\/viradasustentavel.org.br\/sao-paulo\/wp-json\/wp\/v2\/tribe_events_cat?post=819"}],"curies":[{"name":"wp","href":"https:\/\/api.w.org\/{rel}","templated":true}]}}

Oficina de confecção de materiais recicláveis

<p>Oficina de materiais recicláveis</p>
