{"id":824,"date":"2025-09-11T17:51:40","date_gmt":"2025-09-11T20:51:40","guid":{"rendered":"https:\/\/viradasustentavel.org.br\/sao-paulo\/eventos\/apresentacao-de-coro-infantil\/"},"modified":"2025-09-12T09:19:23","modified_gmt":"2025-09-12T12:19:23","slug":"apresentacao-de-coro-infantil","status":"publish","type":"tribe_events","link":"https:\/\/viradasustentavel.org.br\/sao-paulo\/eventos\/apresentacao-de-coro-infantil\/","title":{"rendered":"Apresenta\u00e7\u00e3o de Coro Infantil"},"content":{"rendered":"<p>As crian\u00e7as envolvidas no Projeto COro Infantil da Associa\u00e7\u00e3o Crescente, realizar\u00e3o uma apresenta\u00e7\u00e3o de coro cuja tem\u00e1tica enmvolva m\u00fasicas que falam do meio ambiente.<\/p>\n","protected":false},"excerpt":{"rendered":"<p>As crian\u00e7as envolvidas no Projeto COro Infantil da Associa\u00e7\u00e3o Crescente, realizar\u00e3o uma apresenta\u00e7\u00e3o de coro cuja tem\u00e1tica enmvolva m\u00fasicas que falam do meio ambiente.<\/p>\n","protected":false},"author":2,"featured_media":0,"template":"","meta":{"_tribe_events_status":"","_tribe_events_status_reason":"","footnotes":""},"tags":[93],"tribe_events_cat":[105],"class_list":["post-824","tribe_events","type-tribe_events","status-publish","hentry","tag-5oanos","tribe_events_cat-ceus","cat_ceus"],"_links":{"self":[{"href":"https:\/\/viradasustentavel.org.br\/sao-paulo\/wp-json\/wp\/v2\/tribe_events\/824","targetHints":{"allow":["GET"]}}],"collection":[{"href":"https:\/\/viradasustentavel.org.br\/sao-paulo\/wp-json\/wp\/v2\/tribe_events"}],"about":[{"href":"https:\/\/viradasustentavel.org.br\/sao-paulo\/wp-json\/wp\/v2\/types\/tribe_events"}],"author":[{"embeddable":true,"href":"https:\/\/viradasustentavel.org.br\/sao-paulo\/wp-json\/wp\/v2\/users\/2"}],"version-history":[{"count":1,"href":"https:\/\/viradasustentavel.org.br\/sao-paulo\/wp-json\/wp\/v2\/tribe_events\/824\/revisions"}],"predecessor-version":[{"id":1004,"href":"https:\/\/viradasustentavel.org.br\/sao-paulo\/wp-json\/wp\/v2\/tribe_events\/824\/revisions\/1004"}],"wp:attachment":[{"href":"https:\/\/viradasustentavel.org.br\/sao-paulo\/wp-json\/wp\/v2\/media?parent=824"}],"wp:term":[{"taxonomy":"post_tag","embeddable":true,"href":"https:\/\/viradasustentavel.org.br\/sao-paulo\/wp-json\/wp\/v2\/tags?post=824"},{"taxonomy":"tribe_events_cat","embeddable":true,"href":"https:\/\/viradasustentavel.org.br\/sao-paulo\/wp-json\/wp\/v2\/tribe_events_cat?post=824"}],"curies":[{"name":"wp","href":"https:\/\/api.w.org\/{rel}","templated":true}]}}

Apresentação de Coro Infantil

<p>As crianças envolvidas no Projeto COro Infantil da Associação Crescente, realizarão uma apresentação de coro cuja temática enmvolva músicas que falam do meio ambiente.</p>
