{"id":825,"date":"2025-09-11T17:53:40","date_gmt":"2025-09-11T20:53:40","guid":{"rendered":"https:\/\/viradasustentavel.org.br\/sao-paulo\/eventos\/tecnologia-e-realidade-virtual-retratos-plasticos\/"},"modified":"2025-09-12T09:19:41","modified_gmt":"2025-09-12T12:19:41","slug":"tecnologia-e-realidade-virtual-retratos-plasticos","status":"publish","type":"tribe_events","link":"https:\/\/viradasustentavel.org.br\/sao-paulo\/eventos\/tecnologia-e-realidade-virtual-retratos-plasticos\/","title":{"rendered":"Tecnologia e Realidade Virtual &#8211; Retratos Pl\u00e1sticos"},"content":{"rendered":"<p>O projeto \u201dRetratos Pl\u00e1sticos\u201d, realizar\u00e1 um momento unico de experiencia imersiva na galeria virtual do artista Eduardo SUr. Com tecnologia de ponta e ferramentas interativas, as crian\u00e7as navegar\u00e3o pela hist\u00f3ria da arte com mensagens de conscientiza\u00e7\u00e3o ambiental.<\/p>\n","protected":false},"excerpt":{"rendered":"<p>O projeto \u201dRetratos Pl\u00e1sticos\u201d, realizar\u00e1 um momento unico de experiencia imersiva na galeria virtual do artista Eduardo SUr. Com tecnologia de ponta e ferramentas interativas, as crian\u00e7as navegar\u00e3o pela hist\u00f3ria [&hellip;]<\/p>\n","protected":false},"author":2,"featured_media":0,"template":"","meta":{"_tribe_events_status":"","_tribe_events_status_reason":"","footnotes":""},"tags":[92],"tribe_events_cat":[105],"class_list":["post-825","tribe_events","type-tribe_events","status-publish","hentry","tag-fund-i-e-fund-ii","tribe_events_cat-ceus","cat_ceus"],"_links":{"self":[{"href":"https:\/\/viradasustentavel.org.br\/sao-paulo\/wp-json\/wp\/v2\/tribe_events\/825","targetHints":{"allow":["GET"]}}],"collection":[{"href":"https:\/\/viradasustentavel.org.br\/sao-paulo\/wp-json\/wp\/v2\/tribe_events"}],"about":[{"href":"https:\/\/viradasustentavel.org.br\/sao-paulo\/wp-json\/wp\/v2\/types\/tribe_events"}],"author":[{"embeddable":true,"href":"https:\/\/viradasustentavel.org.br\/sao-paulo\/wp-json\/wp\/v2\/users\/2"}],"version-history":[{"count":1,"href":"https:\/\/viradasustentavel.org.br\/sao-paulo\/wp-json\/wp\/v2\/tribe_events\/825\/revisions"}],"predecessor-version":[{"id":1075,"href":"https:\/\/viradasustentavel.org.br\/sao-paulo\/wp-json\/wp\/v2\/tribe_events\/825\/revisions\/1075"}],"wp:attachment":[{"href":"https:\/\/viradasustentavel.org.br\/sao-paulo\/wp-json\/wp\/v2\/media?parent=825"}],"wp:term":[{"taxonomy":"post_tag","embeddable":true,"href":"https:\/\/viradasustentavel.org.br\/sao-paulo\/wp-json\/wp\/v2\/tags?post=825"},{"taxonomy":"tribe_events_cat","embeddable":true,"href":"https:\/\/viradasustentavel.org.br\/sao-paulo\/wp-json\/wp\/v2\/tribe_events_cat?post=825"}],"curies":[{"name":"wp","href":"https:\/\/api.w.org\/{rel}","templated":true}]}}

Tecnologia e Realidade Virtual &#8211; Retratos Plásticos

<p>O projeto ”Retratos Plásticos”, realizará um momento unico de experiencia imersiva na galeria virtual do artista Eduardo SUr. Com tecnologia de ponta e ferramentas interativas, as crianças navegarão pela história da arte com mensagens de conscientização ambiental.</p>

<p>O projeto ”Retratos Plásticos”, realizará um momento unico de experiencia imersiva na galeria virtual do artista Eduardo SUr. Com tecnologia de ponta e ferramentas interativas, as crianças navegarão pela história [&hellip;]</p>
