{"id":829,"date":"2025-09-11T17:53:41","date_gmt":"2025-09-11T20:53:41","guid":{"rendered":"https:\/\/viradasustentavel.org.br\/sao-paulo\/eventos\/oficinas-de-musica-com-sucata\/"},"modified":"2025-09-12T09:18:46","modified_gmt":"2025-09-12T12:18:46","slug":"oficinas-de-musica-com-sucata","status":"publish","type":"tribe_events","link":"https:\/\/viradasustentavel.org.br\/sao-paulo\/eventos\/oficinas-de-musica-com-sucata\/","title":{"rendered":"Oficinas de M\u00fasica com Sucata"},"content":{"rendered":"<p>Considerando que os projetos desenvolvidos pela Orquestra de Sucata buscam a conscientiza\u00e7\u00e3o ambiental atrav\u00e9s da m\u00fasica, as oficinas utilizar\u00e3o instrumentos alternativos, confeccionados com sucata e materiais recicl\u00e1veis, buscando uma reflex\u00e3o sobre a import\u00e3ncia de cada um no processo de transforma\u00e7\u00e3o sustent\u00e1vel.<\/p>\n","protected":false},"excerpt":{"rendered":"<p>Considerando que os projetos desenvolvidos pela Orquestra de Sucata buscam a conscientiza\u00e7\u00e3o ambiental atrav\u00e9s da m\u00fasica, as oficinas utilizar\u00e3o instrumentos alternativos, confeccionados com sucata e materiais recicl\u00e1veis, buscando uma reflex\u00e3o [&hellip;]<\/p>\n","protected":false},"author":2,"featured_media":0,"template":"","meta":{"_tribe_events_status":"","_tribe_events_status_reason":"","footnotes":""},"tags":[96],"tribe_events_cat":[105],"class_list":["post-829","tribe_events","type-tribe_events","status-publish","hentry","tag-8-anos","tribe_events_cat-ceus","cat_ceus"],"_links":{"self":[{"href":"https:\/\/viradasustentavel.org.br\/sao-paulo\/wp-json\/wp\/v2\/tribe_events\/829","targetHints":{"allow":["GET"]}}],"collection":[{"href":"https:\/\/viradasustentavel.org.br\/sao-paulo\/wp-json\/wp\/v2\/tribe_events"}],"about":[{"href":"https:\/\/viradasustentavel.org.br\/sao-paulo\/wp-json\/wp\/v2\/types\/tribe_events"}],"author":[{"embeddable":true,"href":"https:\/\/viradasustentavel.org.br\/sao-paulo\/wp-json\/wp\/v2\/users\/2"}],"version-history":[{"count":1,"href":"https:\/\/viradasustentavel.org.br\/sao-paulo\/wp-json\/wp\/v2\/tribe_events\/829\/revisions"}],"predecessor-version":[{"id":932,"href":"https:\/\/viradasustentavel.org.br\/sao-paulo\/wp-json\/wp\/v2\/tribe_events\/829\/revisions\/932"}],"wp:attachment":[{"href":"https:\/\/viradasustentavel.org.br\/sao-paulo\/wp-json\/wp\/v2\/media?parent=829"}],"wp:term":[{"taxonomy":"post_tag","embeddable":true,"href":"https:\/\/viradasustentavel.org.br\/sao-paulo\/wp-json\/wp\/v2\/tags?post=829"},{"taxonomy":"tribe_events_cat","embeddable":true,"href":"https:\/\/viradasustentavel.org.br\/sao-paulo\/wp-json\/wp\/v2\/tribe_events_cat?post=829"}],"curies":[{"name":"wp","href":"https:\/\/api.w.org\/{rel}","templated":true}]}}

Oficinas de Música com Sucata

<p>Considerando que os projetos desenvolvidos pela Orquestra de Sucata buscam a conscientização ambiental através da música, as oficinas utilizarão instrumentos alternativos, confeccionados com sucata e materiais recicláveis, buscando uma reflexão sobre a importãncia de cada um no processo de transformação sustentável.</p>

<p>Considerando que os projetos desenvolvidos pela Orquestra de Sucata buscam a conscientização ambiental através da música, as oficinas utilizarão instrumentos alternativos, confeccionados com sucata e materiais recicláveis, buscando uma reflexão [&hellip;]</p>
