{"id":830,"date":"2025-09-11T17:55:41","date_gmt":"2025-09-11T20:55:41","guid":{"rendered":"https:\/\/viradasustentavel.org.br\/sao-paulo\/eventos\/contacao-de-historias-2\/"},"modified":"2025-09-12T09:19:25","modified_gmt":"2025-09-12T12:19:25","slug":"contacao-de-historias-2","status":"publish","type":"tribe_events","link":"https:\/\/viradasustentavel.org.br\/sao-paulo\/eventos\/contacao-de-historias-2\/","title":{"rendered":"Conta\u00e7\u00e3o de Hist\u00f3rias"},"content":{"rendered":"<p>Roda de Conversa com discuss\u00e3o sobre o tema<\/p>\n","protected":false},"excerpt":{"rendered":"<p>Roda de Conversa com discuss\u00e3o sobre o tema<\/p>\n","protected":false},"author":2,"featured_media":0,"template":"","meta":{"_tribe_events_status":"","_tribe_events_status_reason":"","footnotes":""},"tags":[52],"tribe_events_cat":[105],"class_list":["post-830","tribe_events","type-tribe_events","status-publish","hentry","tag-4-a-5-anos","tribe_events_cat-ceus","cat_ceus"],"_links":{"self":[{"href":"https:\/\/viradasustentavel.org.br\/sao-paulo\/wp-json\/wp\/v2\/tribe_events\/830","targetHints":{"allow":["GET"]}}],"collection":[{"href":"https:\/\/viradasustentavel.org.br\/sao-paulo\/wp-json\/wp\/v2\/tribe_events"}],"about":[{"href":"https:\/\/viradasustentavel.org.br\/sao-paulo\/wp-json\/wp\/v2\/types\/tribe_events"}],"author":[{"embeddable":true,"href":"https:\/\/viradasustentavel.org.br\/sao-paulo\/wp-json\/wp\/v2\/users\/2"}],"version-history":[{"count":1,"href":"https:\/\/viradasustentavel.org.br\/sao-paulo\/wp-json\/wp\/v2\/tribe_events\/830\/revisions"}],"predecessor-version":[{"id":1034,"href":"https:\/\/viradasustentavel.org.br\/sao-paulo\/wp-json\/wp\/v2\/tribe_events\/830\/revisions\/1034"}],"wp:attachment":[{"href":"https:\/\/viradasustentavel.org.br\/sao-paulo\/wp-json\/wp\/v2\/media?parent=830"}],"wp:term":[{"taxonomy":"post_tag","embeddable":true,"href":"https:\/\/viradasustentavel.org.br\/sao-paulo\/wp-json\/wp\/v2\/tags?post=830"},{"taxonomy":"tribe_events_cat","embeddable":true,"href":"https:\/\/viradasustentavel.org.br\/sao-paulo\/wp-json\/wp\/v2\/tribe_events_cat?post=830"}],"curies":[{"name":"wp","href":"https:\/\/api.w.org\/{rel}","templated":true}]}}

Contação de Histórias

<p>Roda de Conversa com discussão sobre o tema</p>
