{"id":860,"date":"2025-09-11T18:15:56","date_gmt":"2025-09-11T21:15:56","guid":{"rendered":"https:\/\/viradasustentavel.org.br\/sao-paulo\/eventos\/hidroginastica-sustentavel-2\/"},"modified":"2025-09-12T09:19:22","modified_gmt":"2025-09-12T12:19:22","slug":"hidroginastica-sustentavel-2","status":"publish","type":"tribe_events","link":"https:\/\/viradasustentavel.org.br\/sao-paulo\/eventos\/hidroginastica-sustentavel-2\/","title":{"rendered":"Hidroginastica Sustent\u00e1vel"},"content":{"rendered":"<p>Os alunos matriculados nas aulas de esporte, participar\u00e3o da atividade abordando a import\u00e2ncia da atividade f\u00edsica para na promo\u00e7\u00e3o de uma vida saud\u00e1vel<\/p>\n","protected":false},"excerpt":{"rendered":"<p>Os alunos matriculados nas aulas de esporte, participar\u00e3o da atividade abordando a import\u00e2ncia da atividade f\u00edsica para na promo\u00e7\u00e3o de uma vida saud\u00e1vel<\/p>\n","protected":false},"author":2,"featured_media":0,"template":"","meta":{"_tribe_events_status":"","_tribe_events_status_reason":"","footnotes":""},"tags":[28],"tribe_events_cat":[105],"class_list":["post-860","tribe_events","type-tribe_events","status-publish","hentry","tag-livre","tribe_events_cat-ceus","cat_ceus"],"_links":{"self":[{"href":"https:\/\/viradasustentavel.org.br\/sao-paulo\/wp-json\/wp\/v2\/tribe_events\/860","targetHints":{"allow":["GET"]}}],"collection":[{"href":"https:\/\/viradasustentavel.org.br\/sao-paulo\/wp-json\/wp\/v2\/tribe_events"}],"about":[{"href":"https:\/\/viradasustentavel.org.br\/sao-paulo\/wp-json\/wp\/v2\/types\/tribe_events"}],"author":[{"embeddable":true,"href":"https:\/\/viradasustentavel.org.br\/sao-paulo\/wp-json\/wp\/v2\/users\/2"}],"version-history":[{"count":1,"href":"https:\/\/viradasustentavel.org.br\/sao-paulo\/wp-json\/wp\/v2\/tribe_events\/860\/revisions"}],"predecessor-version":[{"id":990,"href":"https:\/\/viradasustentavel.org.br\/sao-paulo\/wp-json\/wp\/v2\/tribe_events\/860\/revisions\/990"}],"wp:attachment":[{"href":"https:\/\/viradasustentavel.org.br\/sao-paulo\/wp-json\/wp\/v2\/media?parent=860"}],"wp:term":[{"taxonomy":"post_tag","embeddable":true,"href":"https:\/\/viradasustentavel.org.br\/sao-paulo\/wp-json\/wp\/v2\/tags?post=860"},{"taxonomy":"tribe_events_cat","embeddable":true,"href":"https:\/\/viradasustentavel.org.br\/sao-paulo\/wp-json\/wp\/v2\/tribe_events_cat?post=860"}],"curies":[{"name":"wp","href":"https:\/\/api.w.org\/{rel}","templated":true}]}}

Hidroginastica Sustentável

<p>Os alunos matriculados nas aulas de esporte, participarão da atividade abordando a importância da atividade física para na promoção de uma vida saudável</p>
