{"id":869,"date":"2025-09-11T18:18:26","date_gmt":"2025-09-11T21:18:26","guid":{"rendered":"https:\/\/viradasustentavel.org.br\/sao-paulo\/eventos\/corrida-pelo-verde-e-meio-ambiente\/"},"modified":"2025-09-12T09:19:39","modified_gmt":"2025-09-12T12:19:39","slug":"corrida-pelo-verde-e-meio-ambiente","status":"publish","type":"tribe_events","link":"https:\/\/viradasustentavel.org.br\/sao-paulo\/eventos\/corrida-pelo-verde-e-meio-ambiente\/","title":{"rendered":"Corrida pelo verde e meio ambiente"},"content":{"rendered":"<p>atividade f\u00edsica que engloba toda a musculatura corporal e est\u00e1 relacionada a diferentes aspectos da humanidade, seja enquanto forma de recrea\u00e7\u00e3o, ritual festivo ou modalidade esportiva.<\/p>\n","protected":false},"excerpt":{"rendered":"<p>atividade f\u00edsica que engloba toda a musculatura corporal e est\u00e1 relacionada a diferentes aspectos da humanidade, seja enquanto forma de recrea\u00e7\u00e3o, ritual festivo ou modalidade esportiva.<\/p>\n","protected":false},"author":2,"featured_media":0,"template":"","meta":{"_tribe_events_status":"","_tribe_events_status_reason":"","footnotes":""},"tags":[28],"tribe_events_cat":[105],"class_list":["post-869","tribe_events","type-tribe_events","status-publish","hentry","tag-livre","tribe_events_cat-ceus","cat_ceus"],"_links":{"self":[{"href":"https:\/\/viradasustentavel.org.br\/sao-paulo\/wp-json\/wp\/v2\/tribe_events\/869","targetHints":{"allow":["GET"]}}],"collection":[{"href":"https:\/\/viradasustentavel.org.br\/sao-paulo\/wp-json\/wp\/v2\/tribe_events"}],"about":[{"href":"https:\/\/viradasustentavel.org.br\/sao-paulo\/wp-json\/wp\/v2\/types\/tribe_events"}],"author":[{"embeddable":true,"href":"https:\/\/viradasustentavel.org.br\/sao-paulo\/wp-json\/wp\/v2\/users\/2"}],"version-history":[{"count":1,"href":"https:\/\/viradasustentavel.org.br\/sao-paulo\/wp-json\/wp\/v2\/tribe_events\/869\/revisions"}],"predecessor-version":[{"id":1045,"href":"https:\/\/viradasustentavel.org.br\/sao-paulo\/wp-json\/wp\/v2\/tribe_events\/869\/revisions\/1045"}],"wp:attachment":[{"href":"https:\/\/viradasustentavel.org.br\/sao-paulo\/wp-json\/wp\/v2\/media?parent=869"}],"wp:term":[{"taxonomy":"post_tag","embeddable":true,"href":"https:\/\/viradasustentavel.org.br\/sao-paulo\/wp-json\/wp\/v2\/tags?post=869"},{"taxonomy":"tribe_events_cat","embeddable":true,"href":"https:\/\/viradasustentavel.org.br\/sao-paulo\/wp-json\/wp\/v2\/tribe_events_cat?post=869"}],"curies":[{"name":"wp","href":"https:\/\/api.w.org\/{rel}","templated":true}]}}

<p>atividade física que engloba toda a musculatura corporal e está relacionada a diferentes aspectos da humanidade, seja enquanto forma de recreação, ritual festivo ou modalidade esportiva.</p>
