{"id":870,"date":"2025-09-11T18:18:26","date_gmt":"2025-09-11T21:18:26","guid":{"rendered":"https:\/\/viradasustentavel.org.br\/sao-paulo\/eventos\/oficina-pintura-com-tinta-sutentavel\/"},"modified":"2025-09-12T09:19:24","modified_gmt":"2025-09-12T12:19:24","slug":"oficina-pintura-com-tinta-sutentavel","status":"publish","type":"tribe_events","link":"https:\/\/viradasustentavel.org.br\/sao-paulo\/eventos\/oficina-pintura-com-tinta-sutentavel\/","title":{"rendered":"Oficina pintura com  tinta sutent\u00e1vel"},"content":{"rendered":"<p>Oficina de pintura com tintas sustent\u00e1veis para beb\u00eas: uma experi\u00eancia sensorial e criativa, com materiais seguros e ecol\u00f3gicos, pensada especialmente para os pequenos explorarem cores e texturas de forma divertida e consciente<\/p>\n","protected":false},"excerpt":{"rendered":"<p>Oficina de pintura com tintas sustent\u00e1veis para beb\u00eas: uma experi\u00eancia sensorial e criativa, com materiais seguros e ecol\u00f3gicos, pensada especialmente para os pequenos explorarem cores e texturas de forma divertida [&hellip;]<\/p>\n","protected":false},"author":2,"featured_media":0,"template":"","meta":{"_tribe_events_status":"","_tribe_events_status_reason":"","footnotes":""},"tags":[103],"tribe_events_cat":[105],"class_list":["post-870","tribe_events","type-tribe_events","status-publish","hentry","tag-3-a-5-anos","tribe_events_cat-ceus","cat_ceus"],"_links":{"self":[{"href":"https:\/\/viradasustentavel.org.br\/sao-paulo\/wp-json\/wp\/v2\/tribe_events\/870","targetHints":{"allow":["GET"]}}],"collection":[{"href":"https:\/\/viradasustentavel.org.br\/sao-paulo\/wp-json\/wp\/v2\/tribe_events"}],"about":[{"href":"https:\/\/viradasustentavel.org.br\/sao-paulo\/wp-json\/wp\/v2\/types\/tribe_events"}],"author":[{"embeddable":true,"href":"https:\/\/viradasustentavel.org.br\/sao-paulo\/wp-json\/wp\/v2\/users\/2"}],"version-history":[{"count":1,"href":"https:\/\/viradasustentavel.org.br\/sao-paulo\/wp-json\/wp\/v2\/tribe_events\/870\/revisions"}],"predecessor-version":[{"id":1018,"href":"https:\/\/viradasustentavel.org.br\/sao-paulo\/wp-json\/wp\/v2\/tribe_events\/870\/revisions\/1018"}],"wp:attachment":[{"href":"https:\/\/viradasustentavel.org.br\/sao-paulo\/wp-json\/wp\/v2\/media?parent=870"}],"wp:term":[{"taxonomy":"post_tag","embeddable":true,"href":"https:\/\/viradasustentavel.org.br\/sao-paulo\/wp-json\/wp\/v2\/tags?post=870"},{"taxonomy":"tribe_events_cat","embeddable":true,"href":"https:\/\/viradasustentavel.org.br\/sao-paulo\/wp-json\/wp\/v2\/tribe_events_cat?post=870"}],"curies":[{"name":"wp","href":"https:\/\/api.w.org\/{rel}","templated":true}]}}

Oficina pintura com  tinta sutentável

<p>Oficina de pintura com tintas sustentáveis para bebês: uma experiência sensorial e criativa, com materiais seguros e ecológicos, pensada especialmente para os pequenos explorarem cores e texturas de forma divertida e consciente</p>

<p>Oficina de pintura com tintas sustentáveis para bebês: uma experiência sensorial e criativa, com materiais seguros e ecológicos, pensada especialmente para os pequenos explorarem cores e texturas de forma divertida [&hellip;]</p>
