{"id":9531,"date":"2025-09-19T09:11:29","date_gmt":"2025-09-19T12:11:29","guid":{"rendered":"https:\/\/viradasustentavel.org.br\/sao-paulo\/?post_type=tribe_events&#038;p=9531"},"modified":"2025-09-19T09:11:29","modified_gmt":"2025-09-19T12:11:29","slug":"exposicao-nhemboaty","status":"publish","type":"tribe_events","link":"https:\/\/viradasustentavel.org.br\/sao-paulo\/eventos\/exposicao-nhemboaty\/","title":{"rendered":"Exposi\u00e7\u00e3o Nhemboaty"},"content":{"rendered":"<p>Nhemboaty \u2013 Encontro de Mundos<br \/>\nRafael Vilela &amp; Comiss\u00e3o Guarani Yvyrup\u00e1<\/p>\n<p>A comunidade Guarani Mby\u00e1 preserva sua espiritualidade e l\u00edngua na menor terra ind\u00edgena do Brasil, cercada pela megal\u00f3pole de S\u00e3o Paulo. Em 1500, durante a invas\u00e3o portuguesa, os Guarani habitavam vastos territ\u00f3rios desde o litoral brasileiro at\u00e9 o Paraguai. Suas pr\u00f3speras aldeias prosperavam com a agricultura e a pecu\u00e1ria. Ao longo dos s\u00e9culos, eles foram desalojados, escravizados e catequizados, contribuindo para a ascens\u00e3o de S\u00e3o Paulo como centro comercial. Hoje, essa comunidade representa um microcosmo da crise clim\u00e1tica global. Em meio a 22 milh\u00f5es de pessoas, eles protegem um dos \u00faltimos remanescentes de floresta tropical da regi\u00e3o, incluindo o Pico do Jaragu\u00e1, com 400 hectares. Apesar de estarem restritos a apenas 1,8 hectares de territ\u00f3rio reconhecido, eles mant\u00eam pr\u00e1ticas agr\u00edcolas ancestrais e protegem a biodiversidade, resistindo \u00e0 degrada\u00e7\u00e3o ambiental. Em compara\u00e7\u00e3o, as terras ind\u00edgenas no Brasil perderam apenas 1% da vegeta\u00e7\u00e3o nativa em 30 anos, contra 20,6% em \u00e1reas privadas.<\/p>\n<p>No centro de sua pr\u00e1tica espiritual est\u00e1 o cachimbo Petyngu\u00e1, feito da \u00e1rvore arauc\u00e1ria, amea\u00e7ada de extin\u00e7\u00e3o, conectando o passado, o presente e o futuro. Essa fuma\u00e7a sagrada, que se eleva da interse\u00e7\u00e3o entre a floresta e a expans\u00e3o urbana, simboliza sua ancestralidade ininterrupta e um apelo para repensar o impacto ambiental da vida urbana.<\/p>\n<p>Nhemboaty \u00e9 o resultado de 5 anos de encontros entre o fot\u00f3grafo Rafael Vilela e os moradores da Terra Ind\u00edgena Jaragu\u00e1. A exposi\u00e7\u00e3o acontece dentro da Aldeia Pindomirim, uma experi\u00eancia imersiva no Nhanderek\u00f3, o modo de vida Guarani. Durante uma tarde, os visitantes poder\u00e3o experimentar a comida tradicional desse povo, caminhar pelo territ\u00f3rio, escutar suas palavras e seus cantos, visitar espa\u00e7os sagrados e expositivos. A atividade acontece em parceria com a Bienal de Arquitetura de Sao Paulo e a Ag\u00eancia Aut\u00f4noma e trar\u00e1 tamb\u00e9m uma mostra de curtas do projeto Imagining the Forest, com filmes de Nadeem Alkarimi, Qadir Jhatial e Sadqain Riaz (Bienal de Karachi, Paquist\u00e3o), e Eelyn Lee (Richmond Arts &amp; Ideas Festival, Reino Unido).<\/p>\n<p>Essa pesquisa teve o importante apoio e financiamento de Catchlight, National Geographic Society e British Council.<\/p>\n<p><strong>Servi\u00e7o:<\/strong><br \/>\nDias 20 e 21 Setembro.<br \/>\nHor\u00e1rio: 13-18h.<\/p>\n<p><strong>Endere\u00e7o:<\/strong><br \/>\nAldeia Tekoa Pindomirim &#8211; Terra Ind\u00edgena Jaragu\u00e1 .<\/p>\n<p>Por se tratar de um territ\u00f3rio sagrado, a experiencia na aldeia ter\u00e1 entrada restrita. Inscreva-se atrav\u00e9s do formul\u00e1rio:<\/p>\n","protected":false},"excerpt":{"rendered":"<p>Nhemboaty \u2013 Encontro de Mundos Rafael Vilela &amp; Comiss\u00e3o Guarani Yvyrup\u00e1 A comunidade Guarani Mby\u00e1 preserva sua espiritualidade e l\u00edngua na menor terra ind\u00edgena do Brasil, cercada pela megal\u00f3pole de [&hellip;]<\/p>\n","protected":false},"author":2,"featured_media":0,"template":"","meta":{"_tribe_events_status":"","_tribe_events_status_reason":"","footnotes":""},"tags":[],"tribe_events_cat":[135],"class_list":["post-9531","tribe_events","type-tribe_events","status-publish","hentry","tribe_events_cat-exposicao","cat_exposicao"],"_links":{"self":[{"href":"https:\/\/viradasustentavel.org.br\/sao-paulo\/wp-json\/wp\/v2\/tribe_events\/9531","targetHints":{"allow":["GET"]}}],"collection":[{"href":"https:\/\/viradasustentavel.org.br\/sao-paulo\/wp-json\/wp\/v2\/tribe_events"}],"about":[{"href":"https:\/\/viradasustentavel.org.br\/sao-paulo\/wp-json\/wp\/v2\/types\/tribe_events"}],"author":[{"embeddable":true,"href":"https:\/\/viradasustentavel.org.br\/sao-paulo\/wp-json\/wp\/v2\/users\/2"}],"version-history":[{"count":1,"href":"https:\/\/viradasustentavel.org.br\/sao-paulo\/wp-json\/wp\/v2\/tribe_events\/9531\/revisions"}],"predecessor-version":[{"id":9534,"href":"https:\/\/viradasustentavel.org.br\/sao-paulo\/wp-json\/wp\/v2\/tribe_events\/9531\/revisions\/9534"}],"wp:attachment":[{"href":"https:\/\/viradasustentavel.org.br\/sao-paulo\/wp-json\/wp\/v2\/media?parent=9531"}],"wp:term":[{"taxonomy":"post_tag","embeddable":true,"href":"https:\/\/viradasustentavel.org.br\/sao-paulo\/wp-json\/wp\/v2\/tags?post=9531"},{"taxonomy":"tribe_events_cat","embeddable":true,"href":"https:\/\/viradasustentavel.org.br\/sao-paulo\/wp-json\/wp\/v2\/tribe_events_cat?post=9531"}],"curies":[{"name":"wp","href":"https:\/\/api.w.org\/{rel}","templated":true}]}}

Exposição Nhemboaty

<p>Nhemboaty – Encontro de Mundos<br />
Rafael Vilela &amp; Comissão Guarani Yvyrupá</p>
<p>A comunidade Guarani Mbyá preserva sua espiritualidade e língua na menor terra indígena do Brasil, cercada pela megalópole de São Paulo. Em 1500, durante a invasão portuguesa, os Guarani habitavam vastos territórios desde o litoral brasileiro até o Paraguai. Suas prósperas aldeias prosperavam com a agricultura e a pecuária. Ao longo dos séculos, eles foram desalojados, escravizados e catequizados, contribuindo para a ascensão de São Paulo como centro comercial. Hoje, essa comunidade representa um microcosmo da crise climática global. Em meio a 22 milhões de pessoas, eles protegem um dos últimos remanescentes de floresta tropical da região, incluindo o Pico do Jaraguá, com 400 hectares. Apesar de estarem restritos a apenas 1,8 hectares de território reconhecido, eles mantêm práticas agrícolas ancestrais e protegem a biodiversidade, resistindo à degradação ambiental. Em comparação, as terras indígenas no Brasil perderam apenas 1% da vegetação nativa em 30 anos, contra 20,6% em áreas privadas.</p>
<p>No centro de sua prática espiritual está o cachimbo Petynguá, feito da árvore araucária, ameaçada de extinção, conectando o passado, o presente e o futuro. Essa fumaça sagrada, que se eleva da interseção entre a floresta e a expansão urbana, simboliza sua ancestralidade ininterrupta e um apelo para repensar o impacto ambiental da vida urbana.</p>
<p>Nhemboaty é o resultado de 5 anos de encontros entre o fotógrafo Rafael Vilela e os moradores da Terra Indígena Jaraguá. A exposição acontece dentro da Aldeia Pindomirim, uma experiência imersiva no Nhanderekó, o modo de vida Guarani. Durante uma tarde, os visitantes poderão experimentar a comida tradicional desse povo, caminhar pelo território, escutar suas palavras e seus cantos, visitar espaços sagrados e expositivos. A atividade acontece em parceria com a Bienal de Arquitetura de Sao Paulo e a Agência Autônoma e trará também uma mostra de curtas do projeto Imagining the Forest, com filmes de Nadeem Alkarimi, Qadir Jhatial e Sadqain Riaz (Bienal de Karachi, Paquistão), e Eelyn Lee (Richmond Arts &amp; Ideas Festival, Reino Unido).</p>
<p>Essa pesquisa teve o importante apoio e financiamento de Catchlight, National Geographic Society e British Council.</p>
<p><strong>Serviço:</strong><br />
Dias 20 e 21 Setembro.<br />
Horário: 13-18h.</p>
<p><strong>Endereço:</strong><br />
Aldeia Tekoa Pindomirim &#8211; Terra Indígena Jaraguá .</p>
<p>Por se tratar de um território sagrado, a experiencia na aldeia terá entrada restrita. Inscreva-se através do formulário:</p>

<p>Nhemboaty – Encontro de Mundos Rafael Vilela &amp; Comissão Guarani Yvyrupá A comunidade Guarani Mbyá preserva sua espiritualidade e língua na menor terra indígena do Brasil, cercada pela megalópole de [&hellip;]</p>
