{"id":9738,"date":"2025-09-19T11:50:58","date_gmt":"2025-09-19T14:50:58","guid":{"rendered":"https:\/\/viradasustentavel.org.br\/sao-paulo\/?post_type=tribe_events&#038;p=9738"},"modified":"2025-09-19T11:50:58","modified_gmt":"2025-09-19T14:50:58","slug":"terrabits-terrario-com-garrafas-pet","status":"publish","type":"tribe_events","link":"https:\/\/viradasustentavel.org.br\/sao-paulo\/eventos\/terrabits-terrario-com-garrafas-pet\/","title":{"rendered":"TerraBits-Terr\u00e1rio com garrafas Pet"},"content":{"rendered":"<p>Feito com garrafas PET, o terr\u00e1rio une sustentabilidade e praticidade com o regador autom\u00e1tico que torna o cuidado simples, sem depender da interven\u00e7\u00e3o di\u00e1ria do usu\u00e1rio, colorindo sua casa com o verde da natureza.<\/p>\n<p><strong>Inscri\u00e7\u00e3o:<\/strong> <a href=\"https:\/\/forms.office.com\/Pages\/ResponsePage.aspx?id=BYI45EuVbUqheE_EO6cQAmndwE4oFRZPuyTJ79ac82lURDdCNDdCWUI2Q1QxVlY2Q1M4WVg4UEhJRi4u\">https:\/\/forms.office.com\/Pages\/ResponsePage.aspx?id=BYI45EuVbUqheE_EO6cQAmndwE4oFRZPuyTJ79ac82lURDdCNDdCWUI2Q1QxVlY2Q1M4WVg4UEhJRi4u<\/a><\/p>\n","protected":false},"excerpt":{"rendered":"<p>Feito com garrafas PET, o terr\u00e1rio une sustentabilidade e praticidade com o regador autom\u00e1tico que torna o cuidado simples, sem depender da interven\u00e7\u00e3o di\u00e1ria do usu\u00e1rio, colorindo sua casa com [&hellip;]<\/p>\n","protected":false},"author":2,"featured_media":0,"template":"","meta":{"_tribe_events_status":"","_tribe_events_status_reason":"","footnotes":""},"tags":[28],"tribe_events_cat":[107],"class_list":["post-9738","tribe_events","type-tribe_events","status-publish","hentry","tag-livre","tribe_events_cat-oficina","cat_oficina"],"_links":{"self":[{"href":"https:\/\/viradasustentavel.org.br\/sao-paulo\/wp-json\/wp\/v2\/tribe_events\/9738","targetHints":{"allow":["GET"]}}],"collection":[{"href":"https:\/\/viradasustentavel.org.br\/sao-paulo\/wp-json\/wp\/v2\/tribe_events"}],"about":[{"href":"https:\/\/viradasustentavel.org.br\/sao-paulo\/wp-json\/wp\/v2\/types\/tribe_events"}],"author":[{"embeddable":true,"href":"https:\/\/viradasustentavel.org.br\/sao-paulo\/wp-json\/wp\/v2\/users\/2"}],"version-history":[{"count":1,"href":"https:\/\/viradasustentavel.org.br\/sao-paulo\/wp-json\/wp\/v2\/tribe_events\/9738\/revisions"}],"predecessor-version":[{"id":9739,"href":"https:\/\/viradasustentavel.org.br\/sao-paulo\/wp-json\/wp\/v2\/tribe_events\/9738\/revisions\/9739"}],"wp:attachment":[{"href":"https:\/\/viradasustentavel.org.br\/sao-paulo\/wp-json\/wp\/v2\/media?parent=9738"}],"wp:term":[{"taxonomy":"post_tag","embeddable":true,"href":"https:\/\/viradasustentavel.org.br\/sao-paulo\/wp-json\/wp\/v2\/tags?post=9738"},{"taxonomy":"tribe_events_cat","embeddable":true,"href":"https:\/\/viradasustentavel.org.br\/sao-paulo\/wp-json\/wp\/v2\/tribe_events_cat?post=9738"}],"curies":[{"name":"wp","href":"https:\/\/api.w.org\/{rel}","templated":true}]}}

TerraBits-Terrário com garrafas Pet

<p>Feito com garrafas PET, o terrário une sustentabilidade e praticidade com o regador automático que torna o cuidado simples, sem depender da intervenção diária do usuário, colorindo sua casa com o verde da natureza.</p>
<p><strong>Inscrição:</strong> <a href="https://forms.office.com/Pages/ResponsePage.aspx?id=BYI45EuVbUqheE_EO6cQAmndwE4oFRZPuyTJ79ac82lURDdCNDdCWUI2Q1QxVlY2Q1M4WVg4UEhJRi4u">https://forms.office.com/Pages/ResponsePage.aspx?id=BYI45EuVbUqheE_EO6cQAmndwE4oFRZPuyTJ79ac82lURDdCNDdCWUI2Q1QxVlY2Q1M4WVg4UEhJRi4u</a></p>

<p>Feito com garrafas PET, o terrário une sustentabilidade e praticidade com o regador automático que torna o cuidado simples, sem depender da intervenção diária do usuário, colorindo sua casa com [&hellip;]</p>
