{"id":9750,"date":"2025-09-19T12:15:10","date_gmt":"2025-09-19T15:15:10","guid":{"rendered":"https:\/\/viradasustentavel.org.br\/sao-paulo\/?post_type=tribe_events&#038;p=9750"},"modified":"2025-09-19T12:15:10","modified_gmt":"2025-09-19T15:15:10","slug":"colagem-expandida","status":"publish","type":"tribe_events","link":"https:\/\/viradasustentavel.org.br\/sao-paulo\/eventos\/colagem-expandida\/","title":{"rendered":"Colagem Expandida"},"content":{"rendered":"<p>A colagem \u00e9 uma t\u00e9cnica art\u00edstica que consiste em compor imagens a partir da sobreposi\u00e7\u00e3o de recortes de pap\u00e9is, fotografias, revistas ou outros materiais gr\u00e1ficos. \u00c9 uma linguagem criativa que possibilita novas narrativas visuais, unindo fragmentos diversos em uma \u00fanica obra.<\/p>\n<p>Na colagem expandida, ampliamos essa pr\u00e1tica ao incluir outros elementos que d\u00e3o profundidade e textura \u00e0 produ\u00e7\u00e3o. Um exemplo \u00e9 o uso de peda\u00e7os de papel\u00e3o para criar camadas e volumes, o que gera um efeito visual muito interessante, quase tridimensional, valorizando ainda mais a composi\u00e7\u00e3o.Essa atividade \u00e9 acess\u00edvel e sustent\u00e1vel, pois pode ser realizada com pap\u00e9is que sobram de outras atividades escolares ou mesmo com revistas antigas, nas quais \u00e9 poss\u00edvel encontrar imagens, cores e texturas inspiradoras. Assim, damos uma nova fun\u00e7\u00e3o art\u00edstica a materiais que seriam descartados.<\/p>\n<p><strong>Inscri\u00e7\u00e3o:<\/strong> <a href=\"https:\/\/forms.office.com\/Pages\/ResponsePage.aspx?id=BYI45EuVbUqheE_EO6cQAmndwE4oFRZPuyTJ79ac82lURDdCNDdCWUI2Q1QxVlY2Q1M4WVg4UEhJRi4u\">https:\/\/forms.office.com\/Pages\/ResponsePage.aspx?id=BYI45EuVbUqheE_EO6cQAmndwE4oFRZPuyTJ79ac82lURDdCNDdCWUI2Q1QxVlY2Q1M4WVg4UEhJRi4u<\/a><\/p>\n<p>&nbsp;<\/p>\n","protected":false},"excerpt":{"rendered":"<p>A colagem \u00e9 uma t\u00e9cnica art\u00edstica que consiste em compor imagens a partir da sobreposi\u00e7\u00e3o de recortes de pap\u00e9is, fotografias, revistas ou outros materiais gr\u00e1ficos. \u00c9 uma linguagem criativa que [&hellip;]<\/p>\n","protected":false},"author":2,"featured_media":0,"template":"","meta":{"_tribe_events_status":"","_tribe_events_status_reason":"","footnotes":""},"tags":[28],"tribe_events_cat":[107],"class_list":["post-9750","tribe_events","type-tribe_events","status-publish","hentry","tag-livre","tribe_events_cat-oficina","cat_oficina"],"_links":{"self":[{"href":"https:\/\/viradasustentavel.org.br\/sao-paulo\/wp-json\/wp\/v2\/tribe_events\/9750","targetHints":{"allow":["GET"]}}],"collection":[{"href":"https:\/\/viradasustentavel.org.br\/sao-paulo\/wp-json\/wp\/v2\/tribe_events"}],"about":[{"href":"https:\/\/viradasustentavel.org.br\/sao-paulo\/wp-json\/wp\/v2\/types\/tribe_events"}],"author":[{"embeddable":true,"href":"https:\/\/viradasustentavel.org.br\/sao-paulo\/wp-json\/wp\/v2\/users\/2"}],"version-history":[{"count":1,"href":"https:\/\/viradasustentavel.org.br\/sao-paulo\/wp-json\/wp\/v2\/tribe_events\/9750\/revisions"}],"predecessor-version":[{"id":9751,"href":"https:\/\/viradasustentavel.org.br\/sao-paulo\/wp-json\/wp\/v2\/tribe_events\/9750\/revisions\/9751"}],"wp:attachment":[{"href":"https:\/\/viradasustentavel.org.br\/sao-paulo\/wp-json\/wp\/v2\/media?parent=9750"}],"wp:term":[{"taxonomy":"post_tag","embeddable":true,"href":"https:\/\/viradasustentavel.org.br\/sao-paulo\/wp-json\/wp\/v2\/tags?post=9750"},{"taxonomy":"tribe_events_cat","embeddable":true,"href":"https:\/\/viradasustentavel.org.br\/sao-paulo\/wp-json\/wp\/v2\/tribe_events_cat?post=9750"}],"curies":[{"name":"wp","href":"https:\/\/api.w.org\/{rel}","templated":true}]}}

<p>A colagem é uma técnica artística que consiste em compor imagens a partir da sobreposição de recortes de papéis, fotografias, revistas ou outros materiais gráficos. É uma linguagem criativa que possibilita novas narrativas visuais, unindo fragmentos diversos em uma única obra.</p>
<p>Na colagem expandida, ampliamos essa prática ao incluir outros elementos que dão profundidade e textura à produção. Um exemplo é o uso de pedaços de papelão para criar camadas e volumes, o que gera um efeito visual muito interessante, quase tridimensional, valorizando ainda mais a composição.Essa atividade é acessível e sustentável, pois pode ser realizada com papéis que sobram de outras atividades escolares ou mesmo com revistas antigas, nas quais é possível encontrar imagens, cores e texturas inspiradoras. Assim, damos uma nova função artística a materiais que seriam descartados.</p>
<p><strong>Inscrição:</strong> <a href="https://forms.office.com/Pages/ResponsePage.aspx?id=BYI45EuVbUqheE_EO6cQAmndwE4oFRZPuyTJ79ac82lURDdCNDdCWUI2Q1QxVlY2Q1M4WVg4UEhJRi4u">https://forms.office.com/Pages/ResponsePage.aspx?id=BYI45EuVbUqheE_EO6cQAmndwE4oFRZPuyTJ79ac82lURDdCNDdCWUI2Q1QxVlY2Q1M4WVg4UEhJRi4u</a></p>
<p>&nbsp;</p>

<p>A colagem é uma técnica artística que consiste em compor imagens a partir da sobreposição de recortes de papéis, fotografias, revistas ou outros materiais gráficos. É uma linguagem criativa que [&hellip;]</p>
