{"id":9752,"date":"2025-09-19T12:17:14","date_gmt":"2025-09-19T15:17:14","guid":{"rendered":"https:\/\/viradasustentavel.org.br\/sao-paulo\/?post_type=tribe_events&#038;p=9752"},"modified":"2025-09-19T12:18:25","modified_gmt":"2025-09-19T15:18:25","slug":"educa-vida","status":"publish","type":"tribe_events","link":"https:\/\/viradasustentavel.org.br\/sao-paulo\/eventos\/educa-vida\/","title":{"rendered":"Educa Vida"},"content":{"rendered":"<p>A Palestra Teatralizada traz dois atores profissionais no palco, caracterizados, e explorando o tema escolhido de maneira envolvente e cativante. Com conte\u00fado relevante, muito humor e intera\u00e7\u00e3o, a experi\u00eancia se torna ainda mais din\u00e2mica do que a Palestra Show, com um \u00fanico ator. Com dois atores interagindo diretamente com a plateia, o conte\u00fado \u00e9 transmitido de forma divertida e impactante, criando uma conex\u00e3o \u00fanica e inesquec\u00edvel! Temas abordados na apresenta\u00e7\u00e3o: Impacto Ambiental \u2013 como ajudar o meio ambiente em seus desafios \u2022 O Que \u00e9 Sustentabilidade \u2022 Conceito de Impacto Ambiental \u2022 Principais Impactos Ambientais: \u2022 Gest\u00e3o de Res\u00edduos no Brasil \u2022 Reciclagem e a Coleta Seletiva \u2022 Consumo Consciente \u2022 Economia de \u00c1gua e Energia \u2022 Reutiliza\u00e7\u00e3o de Materiais \u2022 Reflex\u00e3o Final: Qual Impacto Voc\u00ea Quer Deixar?<\/p>\n<p><strong>Inscri\u00e7\u00e3o:<\/strong> <a href=\"https:\/\/forms.office.com\/Pages\/ResponsePage.aspx?id=BYI45EuVbUqheE_EO6cQAmndwE4oFRZPuyTJ79ac82lURDdCNDdCWUI2Q1QxVlY2Q1M4WVg4UEhJRi4u\">https:\/\/forms.office.com\/Pages\/ResponsePage.aspx?id=BYI45EuVbUqheE_EO6cQAmndwE4oFRZPuyTJ79ac82lURDdCNDdCWUI2Q1QxVlY2Q1M4WVg4UEhJRi4u<\/a><\/p>\n","protected":false},"excerpt":{"rendered":"<p>A Palestra Teatralizada traz dois atores profissionais no palco, caracterizados, e explorando o tema escolhido de maneira envolvente e cativante. Com conte\u00fado relevante, muito humor e intera\u00e7\u00e3o, a experi\u00eancia se [&hellip;]<\/p>\n","protected":false},"author":2,"featured_media":0,"template":"","meta":{"_tribe_events_status":"","_tribe_events_status_reason":"","footnotes":""},"tags":[28],"tribe_events_cat":[133],"class_list":["post-9752","tribe_events","type-tribe_events","status-publish","hentry","tag-livre","tribe_events_cat-palestra","cat_palestra"],"_links":{"self":[{"href":"https:\/\/viradasustentavel.org.br\/sao-paulo\/wp-json\/wp\/v2\/tribe_events\/9752","targetHints":{"allow":["GET"]}}],"collection":[{"href":"https:\/\/viradasustentavel.org.br\/sao-paulo\/wp-json\/wp\/v2\/tribe_events"}],"about":[{"href":"https:\/\/viradasustentavel.org.br\/sao-paulo\/wp-json\/wp\/v2\/types\/tribe_events"}],"author":[{"embeddable":true,"href":"https:\/\/viradasustentavel.org.br\/sao-paulo\/wp-json\/wp\/v2\/users\/2"}],"version-history":[{"count":1,"href":"https:\/\/viradasustentavel.org.br\/sao-paulo\/wp-json\/wp\/v2\/tribe_events\/9752\/revisions"}],"predecessor-version":[{"id":9753,"href":"https:\/\/viradasustentavel.org.br\/sao-paulo\/wp-json\/wp\/v2\/tribe_events\/9752\/revisions\/9753"}],"wp:attachment":[{"href":"https:\/\/viradasustentavel.org.br\/sao-paulo\/wp-json\/wp\/v2\/media?parent=9752"}],"wp:term":[{"taxonomy":"post_tag","embeddable":true,"href":"https:\/\/viradasustentavel.org.br\/sao-paulo\/wp-json\/wp\/v2\/tags?post=9752"},{"taxonomy":"tribe_events_cat","embeddable":true,"href":"https:\/\/viradasustentavel.org.br\/sao-paulo\/wp-json\/wp\/v2\/tribe_events_cat?post=9752"}],"curies":[{"name":"wp","href":"https:\/\/api.w.org\/{rel}","templated":true}]}}

<p>A Palestra Teatralizada traz dois atores profissionais no palco, caracterizados, e explorando o tema escolhido de maneira envolvente e cativante. Com conteúdo relevante, muito humor e interação, a experiência se torna ainda mais dinâmica do que a Palestra Show, com um único ator. Com dois atores interagindo diretamente com a plateia, o conteúdo é transmitido de forma divertida e impactante, criando uma conexão única e inesquecível! Temas abordados na apresentação: Impacto Ambiental – como ajudar o meio ambiente em seus desafios • O Que é Sustentabilidade • Conceito de Impacto Ambiental • Principais Impactos Ambientais: • Gestão de Resíduos no Brasil • Reciclagem e a Coleta Seletiva • Consumo Consciente • Economia de Água e Energia • Reutilização de Materiais • Reflexão Final: Qual Impacto Você Quer Deixar?</p>
<p><strong>Inscrição:</strong> <a href="https://forms.office.com/Pages/ResponsePage.aspx?id=BYI45EuVbUqheE_EO6cQAmndwE4oFRZPuyTJ79ac82lURDdCNDdCWUI2Q1QxVlY2Q1M4WVg4UEhJRi4u">https://forms.office.com/Pages/ResponsePage.aspx?id=BYI45EuVbUqheE_EO6cQAmndwE4oFRZPuyTJ79ac82lURDdCNDdCWUI2Q1QxVlY2Q1M4WVg4UEhJRi4u</a></p>

<p>A Palestra Teatralizada traz dois atores profissionais no palco, caracterizados, e explorando o tema escolhido de maneira envolvente e cativante. Com conteúdo relevante, muito humor e interação, a experiência se [&hellip;]</p>
