{"id":9768,"date":"2025-09-19T12:27:45","date_gmt":"2025-09-19T15:27:45","guid":{"rendered":"https:\/\/viradasustentavel.org.br\/sao-paulo\/?post_type=tribe_events&#038;p=9768"},"modified":"2025-09-19T12:27:45","modified_gmt":"2025-09-19T15:27:45","slug":"sustentabilidade-em-acao-conectando-territorios-saberes-e-o-mercado-de-trabalho","status":"publish","type":"tribe_events","link":"https:\/\/viradasustentavel.org.br\/sao-paulo\/eventos\/sustentabilidade-em-acao-conectando-territorios-saberes-e-o-mercado-de-trabalho\/","title":{"rendered":"Sustentabilidade em a\u00e7\u00e3o: conectando territ\u00f3rios, saberes e o mercado de trabalho"},"content":{"rendered":"<p>Instala\u00e7\u00e3o para expor fotos e v\u00eddeos, das visitas t\u00e9cnicas, das turmas de p\u00f3s-gradua\u00e7\u00e3o<\/p>\n<p><strong>Inscri\u00e7\u00e3o:<\/strong> <a href=\"https:\/\/forms.office.com\/Pages\/ResponsePage.aspx?id=BYI45EuVbUqheE_EO6cQAmndwE4oFRZPuyTJ79ac82lURDdCNDdCWUI2Q1QxVlY2Q1M4WVg4UEhJRi4u\">https:\/\/forms.office.com\/Pages\/ResponsePage.aspx?id=BYI45EuVbUqheE_EO6cQAmndwE4oFRZPuyTJ79ac82lURDdCNDdCWUI2Q1QxVlY2Q1M4WVg4UEhJRi4u<\/a><\/p>\n","protected":false},"excerpt":{"rendered":"<p>Instala\u00e7\u00e3o para expor fotos e v\u00eddeos, das visitas t\u00e9cnicas, das turmas de p\u00f3s-gradua\u00e7\u00e3o Inscri\u00e7\u00e3o: https:\/\/forms.office.com\/Pages\/ResponsePage.aspx?id=BYI45EuVbUqheE_EO6cQAmndwE4oFRZPuyTJ79ac82lURDdCNDdCWUI2Q1QxVlY2Q1M4WVg4UEhJRi4u<\/p>\n","protected":false},"author":2,"featured_media":0,"template":"","meta":{"_tribe_events_status":"","_tribe_events_status_reason":"","footnotes":""},"tags":[28],"tribe_events_cat":[111],"class_list":["post-9768","tribe_events","type-tribe_events","status-publish","hentry","tag-livre","tribe_events_cat-instalacao","cat_instalacao"],"_links":{"self":[{"href":"https:\/\/viradasustentavel.org.br\/sao-paulo\/wp-json\/wp\/v2\/tribe_events\/9768","targetHints":{"allow":["GET"]}}],"collection":[{"href":"https:\/\/viradasustentavel.org.br\/sao-paulo\/wp-json\/wp\/v2\/tribe_events"}],"about":[{"href":"https:\/\/viradasustentavel.org.br\/sao-paulo\/wp-json\/wp\/v2\/types\/tribe_events"}],"author":[{"embeddable":true,"href":"https:\/\/viradasustentavel.org.br\/sao-paulo\/wp-json\/wp\/v2\/users\/2"}],"version-history":[{"count":1,"href":"https:\/\/viradasustentavel.org.br\/sao-paulo\/wp-json\/wp\/v2\/tribe_events\/9768\/revisions"}],"predecessor-version":[{"id":9769,"href":"https:\/\/viradasustentavel.org.br\/sao-paulo\/wp-json\/wp\/v2\/tribe_events\/9768\/revisions\/9769"}],"wp:attachment":[{"href":"https:\/\/viradasustentavel.org.br\/sao-paulo\/wp-json\/wp\/v2\/media?parent=9768"}],"wp:term":[{"taxonomy":"post_tag","embeddable":true,"href":"https:\/\/viradasustentavel.org.br\/sao-paulo\/wp-json\/wp\/v2\/tags?post=9768"},{"taxonomy":"tribe_events_cat","embeddable":true,"href":"https:\/\/viradasustentavel.org.br\/sao-paulo\/wp-json\/wp\/v2\/tribe_events_cat?post=9768"}],"curies":[{"name":"wp","href":"https:\/\/api.w.org\/{rel}","templated":true}]}}

Sustentabilidade em ação: conectando territórios, saberes e o mercado de trabalho

<p>Instalação para expor fotos e vídeos, das visitas técnicas, das turmas de pós-graduação</p>
<p><strong>Inscrição:</strong> <a href="https://forms.office.com/Pages/ResponsePage.aspx?id=BYI45EuVbUqheE_EO6cQAmndwE4oFRZPuyTJ79ac82lURDdCNDdCWUI2Q1QxVlY2Q1M4WVg4UEhJRi4u">https://forms.office.com/Pages/ResponsePage.aspx?id=BYI45EuVbUqheE_EO6cQAmndwE4oFRZPuyTJ79ac82lURDdCNDdCWUI2Q1QxVlY2Q1M4WVg4UEhJRi4u</a></p>

<p>Instalação para expor fotos e vídeos, das visitas técnicas, das turmas de pós-graduação Inscrição: https://forms.office.com/Pages/ResponsePage.aspx?id=BYI45EuVbUqheE_EO6cQAmndwE4oFRZPuyTJ79ac82lURDdCNDdCWUI2Q1QxVlY2Q1M4WVg4UEhJRi4u</p>
